{"id":2538,"date":"2023-11-08T07:30:38","date_gmt":"2023-11-08T06:30:38","guid":{"rendered":"https:\/\/www.tec4net.com\/web\/?page_id=2538"},"modified":"2025-03-14T22:25:40","modified_gmt":"2025-03-14T21:25:40","slug":"hinweisgeberschutz","status":"publish","type":"page","link":"https:\/\/www.tec4net.com\/web\/hinweisgeberschutz\/","title":{"rendered":"Hinweisgeberschutz"},"content":{"rendered":"<p>[vc_row full_width=&#8220;stretch_row&#8220; equal_height=&#8220;yes&#8220; css=&#8220;.vc_custom_1544084854793{margin-top: -85px !important;padding-top: 50px !important;padding-bottom: 30px !important;background-color: #f0f0f0 !important;}&#8220;][vc_column width=&#8220;1\/4&#8243;][vc_column_text]<\/p>\n<h2 style=\"text-align: right;\"><span style=\"color: #026198;\">HINWEISGEBER-<br \/>\nSCHUTZ<\/span><\/h2>\n<p style=\"text-align: right;\"><strong><span style=\"color: #026198;\">Das deutsche HinweisgeberSchutzGesetz (HinSchG), welches im Rahmen der Umsetzung der EU-Richtlinie 2019\/1937 erlassen wurde, fordert von Unternehmen ab 50 Mitarbeitern die Etablierung einer Meldestelle zur Meldung von Verst\u00f6\u00dfen. <\/span><\/strong><\/p>\n<p style=\"text-align: right;\"><strong><span style=\"color: #026198;\">\u00a0<\/span><\/strong><\/p>\n<p>[\/vc_column_text][\/vc_column][vc_column width=&#8220;3\/4&#8243;][vc_single_image image=&#8220;627&#8243; img_size=&#8220;full&#8220; alignment=&#8220;center&#8220; style=&#8220;vc_box_shadow_3d&#8220; css_animation=&#8220;fadeInUp&#8220;][\/vc_column][\/vc_row][vc_row css=&#8220;.vc_custom_1544085464815{padding-top: 20px !important;}&#8220;][vc_column width=&#8220;1\/4&#8243;][vc_single_image image=&#8220;633&#8243; img_size=&#8220;200&#215;128&#8243; alignment=&#8220;center&#8220;][\/vc_column][vc_column width=&#8220;3\/4&#8243;][vc_column_text css=&#8220;.vc_custom_1699888781961{padding-bottom: 20px !important;}&#8220;]Das Ziel des Hinweisgeberschutzgesetzes (HinSchG) besteht darin, Personen denen w\u00e4hrend ihrer beruflichen T\u00e4tigkeit Verst\u00f6\u00dfe bekannt werden und diese melden, vor Repression oder Sanktionen zu sch\u00fctzen. Hierzu verpflichtet es Unternehmen ab 50 Mitarbeiter eine Meldestelle anzubieten, welche die Kommunikation \u00fcber sichere Meldewege erm\u00f6glicht und die Vertraulichkeit zur Identit\u00e4t der hinweisgebenden Person, sowie die Anforderungen der Datenschutz-Grundverordnung jederzeit gew\u00e4hrleistet.<\/p>\n<p>Die Meldestelle muss von einer fachkundigen und unabh\u00e4ngigen Person betrieben werden. Hinweisgeber sind mit einer Frist von 7 Tagen \u00fcber den Eingang ihrer Meldung zu informieren, der Fortgang sowie eventuell getroffene Ma\u00dfnahmen sind ihnen ggf. mitzuteilen. Im Falle von Repressalien hat ein Hinweisgeber Anspruch auf Schadenersatz, die Beweislast zur Wiederlegung liegt auf Seiten des Arbeitgebers.<\/p>\n<p>Unternehmen sollen durch den Schutz der Hinweisgeber mehr Meldungen zu Mi\u00dfst\u00e4nden erhalten, um diese fr\u00fchzeitig abstellen zu k\u00f6nnen. Ein Versto\u00df gegen das HinSchG wird mit einem Bu\u00dfgeld von bis zu 50.000 Euro geahndet.<\/p>\n<p>Wir bieten Ihnen die M\u00f6glichkeit, Ihre &#8222;interne&#8220; Meldestelle an uns auszulagern, umso alle Anforderungen des Gesetzes zu erf\u00fcllen und evtl. Repressionsvorw\u00fcrfen aus dem Weg zu gehen.<\/p>\n<p>Die M\u00f6glichkeit einer Auslagerung, ist gem. \u00a7 14 HinSchG ausdr\u00fccklich vorgesehen.[\/vc_column_text][vc_column_text]<\/p>\n<h4><span style=\"color: #026198;\">Wir bieten Ihnen:<\/span><\/h4>\n<p><span style=\"color: #026198;\">\u2192\u00a0\u00a0 BETRIEB DER INTERNEN MELDESTELLE\u00a0 (\u00a7 14 HinSchG)<\/span><\/p>\n<hr \/>\n<p><span style=\"color: #026198;\">\u2192\u00a0\u00a0 FACHKUNDIGE FALLBEARBEITER (\u00a7 15 HinSchG)<\/span><\/p>\n<hr \/>\n<p><span style=\"color: #026198;\">\u2192\u00a0\u00a0 RECHTSKONFORME MELDEPROZESSE (\u00a7\u00a7 16, 17, 18 HinSchG)<\/span><\/p>\n<hr \/>\n<p><span style=\"color: #026198;\">\u2192\u00a0\u00a0 SICHERSTELLUNG DER VERTRAULICHKEIT (\u00a7 8 HinSchG)<br \/>\n<\/span><\/p>\n<hr \/>\n<p><span style=\"color: #026198;\">\u2192\u00a0\u00a0\u00a0 RECHTSSICHERE DOKUMENTATION (\u00a7 11 HinSchG)<br \/>\n<\/span><\/p>\n<hr \/>\n<p>[\/vc_column_text][vc_empty_space][vc_column_text]<\/p>\n<h4><span style=\"color: #026198;\">Ihre Vorteile:<\/span><\/h4>\n<p><span style=\"color: #026198;\">\u2192\u00a0\u00a0 TRANSPARENTER MELDEPROZESS<br \/>\n<\/span><\/p>\n<hr \/>\n<p><span style=\"color: #026198;\">\u2192\u00a0\u00a0 VERMEIDUNG VON REPRESSIONSVERDACHT<br \/>\n<\/span><\/p>\n<hr \/>\n<p><span style=\"color: #026198;\">\u2192\u00a0\u00a0 KEIN PERSONALAUFWAND<br \/>\n<\/span><\/p>\n<hr \/>\n<p><span style=\"color: #026198;\">\u2192\u00a0\u00a0 VERBINDLICHE RECHTSKONFORMIT\u00c4T<br \/>\n<\/span><\/p>\n<hr \/>\n<p><span style=\"color: #026198;\">\u2192\u00a0\u00a0\u00a0 FACHKUNDIGE FALLBEARBEITUNG<br \/>\n<\/span><\/p>\n<hr \/>\n<p>[\/vc_column_text][\/vc_column][\/vc_row][vc_row][vc_column][vc_empty_space][\/vc_column][\/vc_row][vc_row][vc_column width=&#8220;1\/4&#8243;][\/vc_column][vc_column width=&#8220;3\/4&#8243;][vc_separator][vc_column_text]<\/p>\n<p style=\"text-align: left;\">Brosch\u00fcren zum Download: \u00a0<a href=\"https:\/\/www.tec4net.com\/web\/wp-content\/uploads\/2025\/02\/tec4net_Infoblatt_HinSchG.pdf\">\u2192\u00a0\u00a0 tec4net_Infoblatt_Hinweisgeberschutz (0,3 MB)<\/a><\/p>\n<p>[\/vc_column_text][vc_separator][\/vc_column][\/vc_row][vc_row][vc_column width=&#8220;1\/4&#8243;][\/vc_column][vc_column width=&#8220;1\/4&#8243;][vc_btn title=&#8220;\u2709 Kostenloses Erstgespr\u00e4ch&#8220; color=&#8220;pink&#8220; link=&#8220;url:mailto%3Ainfo%40tec4net.com%3Fsubject%3DKostenloses%2520Erstgespr%25C3%25A4ch%2520-%2520Hinweisgeberschutzgesetz%20|||&#8220;][vc_empty_space][\/vc_column][vc_column width=&#8220;1\/4&#8243;][\/vc_column][vc_column width=&#8220;1\/4&#8243;][\/vc_column][\/vc_row][vc_row css=&#8220;.vc_custom_1741986910056{background-color: #f0f0f0 !important;}&#8220;][vc_column][vc_empty_space][vc_column_text]<\/p>\n<h4 style=\"text-align: center;\">Ihr externer Meldestellenbeauftragter (MSB) f\u00fcr M\u00fcnchen und Deutschland<\/h4>\n<p>[\/vc_column_text][vc_column_text]<\/p>\n<p style=\"text-align: center;\"><strong>Qualifizierte Experten<br \/>\n<\/strong><\/p>\n<p style=\"text-align: center;\">Meldestellenbeauftragter (T\u00dcV-RL)\u00a0 |\u00a0 Meldestellenbeauftragter (HinSchG)<br \/>\nDatenschutzbeauftragter (T\u00dcV)\u00a0 |\u00a0 Zertifizierter Mediator (BM)<\/p>\n<p>[\/vc_column_text][\/vc_column][\/vc_row][vc_row][vc_column][vc_empty_space][vc_empty_space][vc_column_text]<\/p>\n<p style=\"text-align: center;\"><strong>Auch in Ihrer N\u00e4he<\/strong><\/p>\n<p style=\"text-align: center;\"><a href=\"https:\/\/www.tec4net.com\/web\/meldestelle-und-externer-meldestellenbeauftragter-in-augsburg\">Augsburg<\/a> | <a href=\"https:\/\/www.tec4net.com\/web\/meldestelle-und-externer-meldestellenbeauftragter-in-berlin\">Berlin<\/a> | <a href=\"https:\/\/www.tec4net.com\/web\/meldestelle-und-externer-meldestellenbeauftragter-in-bielefeld\">Bielefeld<\/a> | <a href=\"https:\/\/www.tec4net.com\/web\/meldestelle-und-externer-meldestellenbeauftragter-in-bochum\">Bochum<\/a> | <a href=\"https:\/\/www.tec4net.com\/web\/meldestelle-und-externer-meldestellenbeauftragter-in-bremen\">Bremen<\/a> | <a href=\"https:\/\/www.tec4net.com\/web\/meldestelle-und-externer-meldestellenbeauftragter-in-dortmund\">Dortmund<\/a> | <a href=\"https:\/\/www.tec4net.com\/web\/meldestelle-und-externer-meldestellenbeauftragter-in-dresden\">Dresden<\/a> |\u00a0 <a href=\"https:\/\/www.tec4net.com\/web\/meldestelle-und-externer-meldestellenbeauftragter-in-duesseldorf\">D\u00fcsseldorf<\/a> | <a href=\"https:\/\/www.tec4net.com\/web\/meldestelle-und-externer-meldestellenbeauftragter-in-erfurt\">Erfurt<\/a> | <a href=\"https:\/\/www.tec4net.com\/web\/meldestelle-und-externer-meldestellenbeauftragter-in-essen\">Essen<\/a> | <a href=\"https:\/\/www.tec4net.com\/web\/meldestelle-und-externer-meldestellenbeauftragter-in-frankfurt\">Frankfurt<\/a> | <a href=\"https:\/\/www.tec4net.com\/web\/meldestelle-und-externer-meldestellenbeauftragter-in-hamburg\">Hamburg<\/a> | <a href=\"https:\/\/www.tec4net.com\/web\/meldestelle-und-externer-meldestellenbeauftragter-in-hannover\">Hannover<\/a> | <a href=\"https:\/\/www.tec4net.com\/web\/meldestelle-und-externer-meldestellenbeauftragter-in-ingolstadt\">Ingolstadt<\/a> | <a href=\"https:\/\/www.tec4net.com\/web\/meldestelle-und-externer-meldestellenbeauftragter-in-kiel\">Kiel<\/a> | <a href=\"https:\/\/www.tec4net.com\/web\/meldestelle-und-externer-meldestellenbeauftragter-in-koeln\">K\u00f6ln<\/a> | <a href=\"https:\/\/www.tec4net.com\/web\/meldestelle-und-externer-meldestellenbeauftragter-in-leipzig\">Leipzig<\/a> | <a href=\"https:\/\/www.tec4net.com\/web\/meldestelle-und-externer-meldestellenbeauftragter-in-magdeburg\">Magdeburg<\/a> | <a href=\"https:\/\/www.tec4net.com\/web\/meldestelle-und-externer-meldestellenbeauftragter-in-mainz\">Mainz<\/a> | <a href=\"https:\/\/www.tec4net.com\/web\/meldestelle-und-externer-meldestellenbeauftragter-in-mannheim\">Mannheim<\/a> | <a href=\"https:\/\/www.tec4net.com\/web\/meldestelle-und-externer-meldestellenbeauftragter-in-muenchen\">M\u00fcnchen<\/a> | <a href=\"https:\/\/www.tec4net.com\/web\/meldestelle-und-externer-meldestellenbeauftragter-in-nuernberg\">N\u00fcrnberg<\/a> | <a href=\"https:\/\/www.tec4net.com\/web\/meldestelle-und-externer-meldestellenbeauftragter-in-potsdam\">Potsdam<\/a> | <a href=\"https:\/\/www.tec4net.com\/web\/meldestelle-und-externer-meldestellenbeauftragter-in-regensburg\">Regensburg<\/a> | <a href=\"https:\/\/www.tec4net.com\/web\/meldestelle-und-externer-meldestellenbeauftragter-in-rostock\">Rostock<\/a> | <a href=\"https:\/\/www.tec4net.com\/web\/meldestelle-und-externer-meldestellenbeauftragter-in-saarbruecken\">Saarbr\u00fccken<\/a> | <a href=\"https:\/\/www.tec4net.com\/web\/meldestelle-und-externer-meldestellenbeauftragter-in-stuttgart\">Stuttgart<\/a> | <a href=\"https:\/\/www.tec4net.com\/web\/meldestelle-und-externer-meldestellenbeauftragter-in-wuerzburg\">W\u00fcrzburg<\/a><\/p>\n<hr \/>\n<p>[\/vc_column_text][\/vc_column][\/vc_row]<\/p>\n","protected":false},"excerpt":{"rendered":"<p>[vc_row full_width=&#8220;stretch_row&#8220; equal_height=&#8220;yes&#8220; css=&#8220;.vc_custom_1544084854793{margin-top: -85px !important;padding-top: 50px !important;padding-bottom: 30px !important;background-color: #f0f0f0 !important;}&#8220;][vc_column width=&#8220;1\/4&#8243;][vc_column_text] HINWEISGEBER- SCHUTZ Das deutsche HinweisgeberSchutzGesetz (HinSchG), welches im Rahmen der Umsetzung der EU-Richtlinie 2019\/1937 erlassen wurde, fordert von Unternehmen ab 50 Mitarbeitern die Etablierung einer Meldestelle zur Meldung von Verst\u00f6\u00dfen. \u00a0 [\/vc_column_text][\/vc_column][vc_column width=&#8220;3\/4&#8243;][vc_single_image image=&#8220;627&#8243; img_size=&#8220;full&#8220; alignment=&#8220;center&#8220; style=&#8220;vc_box_shadow_3d&#8220; [&hellip;]<\/p>\n","protected":false},"author":1,"featured_media":0,"parent":0,"menu_order":0,"comment_status":"closed","ping_status":"closed","template":"","meta":[],"yoast_head":"<!-- This site is optimized with the Yoast SEO plugin v21.5 - https:\/\/yoast.com\/wordpress\/plugins\/seo\/ -->\n<title>Hinweisgeberschutz - tec4net<\/title>\n<meta name=\"description\" content=\"Das deutsche HinweisgeberSchutzGesetz (HinSchG), welches im Rahmen der Umsetzung der EU-Richtlinie 2019\/1937 erlassen wurde, fordert von Unternehmen ab 50 Mitarbeitern die Etablierung einer Meldestelle zur Meldung von Verst\u00f6\u00dfen.\" \/>\n<meta name=\"robots\" content=\"index, follow, max-snippet:-1, max-image-preview:large, max-video-preview:-1\" \/>\n<link rel=\"canonical\" href=\"https:\/\/www.tec4net.com\/web\/hinweisgeberschutz\/\" \/>\n<meta property=\"og:locale\" content=\"de_DE\" \/>\n<meta property=\"og:type\" content=\"article\" \/>\n<meta property=\"og:title\" content=\"Hinweisgeberschutz - tec4net\" \/>\n<meta property=\"og:description\" content=\"Das deutsche HinweisgeberSchutzGesetz (HinSchG), welches im Rahmen der Umsetzung der EU-Richtlinie 2019\/1937 erlassen wurde, fordert von Unternehmen ab 50 Mitarbeitern die Etablierung einer Meldestelle zur Meldung von Verst\u00f6\u00dfen.\" \/>\n<meta property=\"og:url\" content=\"https:\/\/www.tec4net.com\/web\/hinweisgeberschutz\/\" \/>\n<meta property=\"og:site_name\" content=\"tec4net\" \/>\n<meta property=\"article:modified_time\" content=\"2025-03-14T21:25:40+00:00\" \/>\n<meta name=\"twitter:card\" content=\"summary_large_image\" \/>\n<meta name=\"twitter:label1\" content=\"Gesch\u00e4tzte Lesezeit\" \/>\n\t<meta name=\"twitter:data1\" content=\"3\u00a0Minuten\" \/>\n<script type=\"application\/ld+json\" class=\"yoast-schema-graph\">{\"@context\":\"https:\/\/schema.org\",\"@graph\":[{\"@type\":\"WebPage\",\"@id\":\"https:\/\/www.tec4net.com\/web\/hinweisgeberschutz\/\",\"url\":\"https:\/\/www.tec4net.com\/web\/hinweisgeberschutz\/\",\"name\":\"Hinweisgeberschutz - tec4net\",\"isPartOf\":{\"@id\":\"https:\/\/www.tec4net.com\/web\/#website\"},\"datePublished\":\"2023-11-08T06:30:38+00:00\",\"dateModified\":\"2025-03-14T21:25:40+00:00\",\"description\":\"Das deutsche HinweisgeberSchutzGesetz (HinSchG), welches im Rahmen der Umsetzung der EU-Richtlinie 2019\/1937 erlassen wurde, fordert von Unternehmen ab 50 Mitarbeitern die Etablierung einer Meldestelle zur Meldung von Verst\u00f6\u00dfen.\",\"breadcrumb\":{\"@id\":\"https:\/\/www.tec4net.com\/web\/hinweisgeberschutz\/#breadcrumb\"},\"inLanguage\":\"de\",\"potentialAction\":[{\"@type\":\"ReadAction\",\"target\":[\"https:\/\/www.tec4net.com\/web\/hinweisgeberschutz\/\"]}]},{\"@type\":\"BreadcrumbList\",\"@id\":\"https:\/\/www.tec4net.com\/web\/hinweisgeberschutz\/#breadcrumb\",\"itemListElement\":[{\"@type\":\"ListItem\",\"position\":1,\"name\":\"Startseite\",\"item\":\"https:\/\/www.tec4net.com\/web\/\"},{\"@type\":\"ListItem\",\"position\":2,\"name\":\"Hinweisgeberschutz\"}]},{\"@type\":\"WebSite\",\"@id\":\"https:\/\/www.tec4net.com\/web\/#website\",\"url\":\"https:\/\/www.tec4net.com\/web\/\",\"name\":\"tec4net\",\"description\":\"Ihr starker IT-Partner\",\"publisher\":{\"@id\":\"https:\/\/www.tec4net.com\/web\/#organization\"},\"potentialAction\":[{\"@type\":\"SearchAction\",\"target\":{\"@type\":\"EntryPoint\",\"urlTemplate\":\"https:\/\/www.tec4net.com\/web\/?s={search_term_string}\"},\"query-input\":\"required name=search_term_string\"}],\"inLanguage\":\"de\"},{\"@type\":\"Organization\",\"@id\":\"https:\/\/www.tec4net.com\/web\/#organization\",\"name\":\"tec4net\",\"url\":\"https:\/\/www.tec4net.com\/web\/\",\"logo\":{\"@type\":\"ImageObject\",\"inLanguage\":\"de\",\"@id\":\"https:\/\/www.tec4net.com\/web\/#\/schema\/logo\/image\/\",\"url\":\"https:\/\/www.tec4net.com\/web\/wp-content\/uploads\/2018\/12\/t4n_Logo_startseite.png\",\"contentUrl\":\"https:\/\/www.tec4net.com\/web\/wp-content\/uploads\/2018\/12\/t4n_Logo_startseite.png\",\"width\":178,\"height\":163,\"caption\":\"tec4net\"},\"image\":{\"@id\":\"https:\/\/www.tec4net.com\/web\/#\/schema\/logo\/image\/\"}}]}<\/script>\n<!-- \/ Yoast SEO plugin. -->","yoast_head_json":{"title":"Hinweisgeberschutz - tec4net","description":"Das deutsche HinweisgeberSchutzGesetz (HinSchG), welches im Rahmen der Umsetzung der EU-Richtlinie 2019\/1937 erlassen wurde, fordert von Unternehmen ab 50 Mitarbeitern die Etablierung einer Meldestelle zur Meldung von Verst\u00f6\u00dfen.","robots":{"index":"index","follow":"follow","max-snippet":"max-snippet:-1","max-image-preview":"max-image-preview:large","max-video-preview":"max-video-preview:-1"},"canonical":"https:\/\/www.tec4net.com\/web\/hinweisgeberschutz\/","og_locale":"de_DE","og_type":"article","og_title":"Hinweisgeberschutz - tec4net","og_description":"Das deutsche HinweisgeberSchutzGesetz (HinSchG), welches im Rahmen der Umsetzung der EU-Richtlinie 2019\/1937 erlassen wurde, fordert von Unternehmen ab 50 Mitarbeitern die Etablierung einer Meldestelle zur Meldung von Verst\u00f6\u00dfen.","og_url":"https:\/\/www.tec4net.com\/web\/hinweisgeberschutz\/","og_site_name":"tec4net","article_modified_time":"2025-03-14T21:25:40+00:00","twitter_card":"summary_large_image","twitter_misc":{"Gesch\u00e4tzte Lesezeit":"3\u00a0Minuten"},"schema":{"@context":"https:\/\/schema.org","@graph":[{"@type":"WebPage","@id":"https:\/\/www.tec4net.com\/web\/hinweisgeberschutz\/","url":"https:\/\/www.tec4net.com\/web\/hinweisgeberschutz\/","name":"Hinweisgeberschutz - tec4net","isPartOf":{"@id":"https:\/\/www.tec4net.com\/web\/#website"},"datePublished":"2023-11-08T06:30:38+00:00","dateModified":"2025-03-14T21:25:40+00:00","description":"Das deutsche HinweisgeberSchutzGesetz (HinSchG), welches im Rahmen der Umsetzung der EU-Richtlinie 2019\/1937 erlassen wurde, fordert von Unternehmen ab 50 Mitarbeitern die Etablierung einer Meldestelle zur Meldung von Verst\u00f6\u00dfen.","breadcrumb":{"@id":"https:\/\/www.tec4net.com\/web\/hinweisgeberschutz\/#breadcrumb"},"inLanguage":"de","potentialAction":[{"@type":"ReadAction","target":["https:\/\/www.tec4net.com\/web\/hinweisgeberschutz\/"]}]},{"@type":"BreadcrumbList","@id":"https:\/\/www.tec4net.com\/web\/hinweisgeberschutz\/#breadcrumb","itemListElement":[{"@type":"ListItem","position":1,"name":"Startseite","item":"https:\/\/www.tec4net.com\/web\/"},{"@type":"ListItem","position":2,"name":"Hinweisgeberschutz"}]},{"@type":"WebSite","@id":"https:\/\/www.tec4net.com\/web\/#website","url":"https:\/\/www.tec4net.com\/web\/","name":"tec4net","description":"Ihr starker IT-Partner","publisher":{"@id":"https:\/\/www.tec4net.com\/web\/#organization"},"potentialAction":[{"@type":"SearchAction","target":{"@type":"EntryPoint","urlTemplate":"https:\/\/www.tec4net.com\/web\/?s={search_term_string}"},"query-input":"required name=search_term_string"}],"inLanguage":"de"},{"@type":"Organization","@id":"https:\/\/www.tec4net.com\/web\/#organization","name":"tec4net","url":"https:\/\/www.tec4net.com\/web\/","logo":{"@type":"ImageObject","inLanguage":"de","@id":"https:\/\/www.tec4net.com\/web\/#\/schema\/logo\/image\/","url":"https:\/\/www.tec4net.com\/web\/wp-content\/uploads\/2018\/12\/t4n_Logo_startseite.png","contentUrl":"https:\/\/www.tec4net.com\/web\/wp-content\/uploads\/2018\/12\/t4n_Logo_startseite.png","width":178,"height":163,"caption":"tec4net"},"image":{"@id":"https:\/\/www.tec4net.com\/web\/#\/schema\/logo\/image\/"}}]}},"_links":{"self":[{"href":"https:\/\/www.tec4net.com\/web\/wp-json\/wp\/v2\/pages\/2538"}],"collection":[{"href":"https:\/\/www.tec4net.com\/web\/wp-json\/wp\/v2\/pages"}],"about":[{"href":"https:\/\/www.tec4net.com\/web\/wp-json\/wp\/v2\/types\/page"}],"author":[{"embeddable":true,"href":"https:\/\/www.tec4net.com\/web\/wp-json\/wp\/v2\/users\/1"}],"replies":[{"embeddable":true,"href":"https:\/\/www.tec4net.com\/web\/wp-json\/wp\/v2\/comments?post=2538"}],"version-history":[{"count":15,"href":"https:\/\/www.tec4net.com\/web\/wp-json\/wp\/v2\/pages\/2538\/revisions"}],"predecessor-version":[{"id":5271,"href":"https:\/\/www.tec4net.com\/web\/wp-json\/wp\/v2\/pages\/2538\/revisions\/5271"}],"wp:attachment":[{"href":"https:\/\/www.tec4net.com\/web\/wp-json\/wp\/v2\/media?parent=2538"}],"curies":[{"name":"wp","href":"https:\/\/api.w.org\/{rel}","templated":true}]}}