{"id":299,"date":"2018-12-03T16:38:45","date_gmt":"2018-12-03T15:38:45","guid":{"rendered":"https:\/\/www.tec4net.com\/web\/?page_id=299"},"modified":"2025-07-18T22:17:27","modified_gmt":"2025-07-18T20:17:27","slug":"gutachten","status":"publish","type":"page","link":"https:\/\/www.tec4net.com\/web\/gutachten\/","title":{"rendered":"Gutachten"},"content":{"rendered":"<p>[vc_row full_width=&#8220;stretch_row&#8220; equal_height=&#8220;yes&#8220; content_placement=&#8220;top&#8220; css=&#8220;.vc_custom_1544192888705{margin-top: -85px !important;padding-top: 50px !important;padding-bottom: 30px !important;background-color: #f0f0f0 !important;}&#8220;][vc_column width=&#8220;1\/4&#8243;][vc_column_text]<\/p>\n<h2 style=\"text-align: right;\"><span style=\"color: #026198;\">GUTACHEN<\/span><\/h2>\n<p style=\"text-align: right;\"><strong><span style=\"color: #026198;\">Als Sachverst\u00e4ndige bieten wir Gutachten bzw. Stellungnahmen zu gegebenen Sachverhalten im IT-Bereich. Wir sind durch die Deutsche Sachverst\u00e4ndigen Gesellschaft (DESAG) gepr\u00fcft und als EDV-Sachverst\u00e4ndige f\u00fcr IT-Systeme und Anwendungen der Informationsverarbeitung im kaufm\u00e4nnisch-administrativen Bereich anerkannt.<\/span><\/strong><\/p>\n<p style=\"text-align: right;\"><span style=\"color: #026198;\"><strong>\u00a0<\/strong><\/span><\/p>\n<p>[\/vc_column_text][\/vc_column][vc_column width=&#8220;3\/4&#8243;][vc_single_image image=&#8220;675&#8243; img_size=&#8220;full&#8220; alignment=&#8220;center&#8220; style=&#8220;vc_box_shadow_3d&#8220; css_animation=&#8220;fadeInUp&#8220;][\/vc_column][\/vc_row][vc_row css=&#8220;.vc_custom_1544193144071{padding-top: 10px !important;}&#8220;][vc_column width=&#8220;1\/4&#8243;][vc_single_image image=&#8220;678&#8243; img_size=&#8220;200&#215;128&#8243; alignment=&#8220;center&#8220;][\/vc_column][vc_column width=&#8220;3\/4&#8243;][vc_column_text css=&#8220;.vc_custom_1544193429079{padding-bottom: 20px !important;}&#8220;]Zudem sind wir Mitglied im Bundesverband Freier Sachverst\u00e4ndiger (BVFS) sowie dem Deutschen EDV-Gerichtstag. Die Erstellung unserer Gutachten erfolgt aufgrund Sachkunde, Qualifikation und Erfahrung in dem jeweiligen Fachbereich. Die Aufgabe eines Sachverst\u00e4ndigen besteht darin, einen vorliegenden Sachverhalt unabh\u00e4ngig, unparteiisch und objektiv zu beurteilen und diesen f\u00fcr jedermann verst\u00e4ndlich darzulegen.<\/p>\n<p>Diskretion, Verschwiegenheit und Korrektheit sind dabei ebenso unabdingbare Bestandteile unserer Arbeit, wie die Begutachtung des Sachverhalts auf Basis neuester technischer und wissenschaftlicher Erkenntnisse und Verfahren.[\/vc_column_text][vc_column_text]<\/p>\n<h4><span style=\"color: #026198;\">Wir bieten Ihnen:<\/span><\/h4>\n<p><span style=\"color: #026198;\">\u2192\u00a0\u00a0 GERICHTS- UND SCHIEDSGUTACHTEN<\/span><\/p>\n<hr \/>\n<p><span style=\"color: #026198;\">\u2192\u00a0\u00a0 FERTIGSTELLUNGSBESCHEINIGUNG (BGB)<br \/>\n<\/span><\/p>\n<hr \/>\n<p><span style=\"color: #026198;\">\u2192\u00a0\u00a0 MACHBARKEITSSTUDIE (POC)<\/span><\/p>\n<hr \/>\n<p><span style=\"color: #026198;\">\u2192\u00a0\u00a0 COMPUTER-FORENSIK<\/span><\/p>\n<hr \/>\n<p><span style=\"color: #026198;\">\u2192\u00a0\u00a0\u00a0 MEDIATION<\/span><\/p>\n<hr \/>\n<p>[\/vc_column_text][vc_column_text css=&#8220;.vc_custom_1744904224926{padding-bottom: 20px !important;}&#8220;]Weitere Informationen und detaillierte Leistungsbeschreibungen zu Gutachten und unserer Sachverst\u00e4ndigent\u00e4tigkeit finden Sie unter<strong>:\u00a0 <a href=\"https:\/\/www.it-sachverstand.info\">www.it-sachverstand.info<\/a><\/strong>[\/vc_column_text][\/vc_column][\/vc_row][vc_row][vc_column width=&#8220;1\/4&#8243;][\/vc_column][vc_column width=&#8220;1\/4&#8243;][vc_btn title=&#8220;IT-Sachverstand&#8220; style=&#8220;classic&#8220; align=&#8220;left&#8220; link=&#8220;url:https%3A%2F%2Fwww.tec4net.com%2Fweb%2Fit-sachverstand%2F|title:https%3A%2F%2Fwww.tec4net.com%2Fweb%2Fit-sachverstand%2F|target:%20_blank|&#8220;][\/vc_column][vc_column width=&#8220;1\/4&#8243;][vc_btn title=&#8220;IT-Wertgutachten&#8220; style=&#8220;classic&#8220; align=&#8220;left&#8220; link=&#8220;url:https%3A%2F%2Fwww.tec4net.com%2Fweb%2Fit-wertgutachten%2F|title:https%3A%2F%2Fwww.tec4net.com%2Fweb%2Fit-wertgutachten%2F|target:%20_blank|&#8220;][\/vc_column][vc_column width=&#8220;1\/4&#8243;][\/vc_column][\/vc_row][vc_row][vc_column][vc_empty_space][\/vc_column][\/vc_row][vc_row][vc_column width=&#8220;1\/4&#8243;][\/vc_column][vc_column width=&#8220;3\/4&#8243;][vc_separator][vc_column_text]Brosch\u00fcren zum Download: \u00a0<a href=\"https:\/\/www.tec4net.com\/web\/wp-content\/uploads\/2025\/07\/tec4net_Infoblatt_IT-Gutachten.pdf\" target=\"_blank\" rel=\"noopener noreferrer\">\u2192\u00a0\u00a0 <\/a><a href=\"https:\/\/www.tec4net.com\/web\/wp-content\/uploads\/2025\/07\/tec4net_Infoblatt_IT-Gutachten.pdf\" target=\"_blank\" rel=\"noopener noreferrer\">tec4net_Infoblatt_<\/a><a href=\"https:\/\/www.tec4net.com\/web\/wp-content\/uploads\/2025\/07\/tec4net_Infoblatt_IT-Gutachten.pdf\" target=\"_blank\" rel=\"noopener noreferrer\">IT-Gutachten (0,3 MB)<\/a>[\/vc_column_text][vc_separator][\/vc_column][\/vc_row][vc_row][vc_column width=&#8220;1\/4&#8243;][\/vc_column][vc_column width=&#8220;1\/4&#8243;][vc_btn title=&#8220;\u2709 Kostenloses Erstgespr\u00e4ch&#8220; color=&#8220;pink&#8220; link=&#8220;url:mailto%3Ainfo%40tec4net.com%3Fsubject%3DKostenloses%2520Erstgespr%25C3%25A4ch%2520-%2520Gutachten|||&#8220;][\/vc_column][vc_column width=&#8220;1\/4&#8243;][\/vc_column][vc_column width=&#8220;1\/4&#8243;][\/vc_column][\/vc_row][vc_row][vc_column width=&#8220;1\/4&#8243;][\/vc_column][vc_column width=&#8220;3\/4&#8243;][vc_empty_space][vc_column_text]<\/p>\n<p style=\"text-align: center;\"><strong>Qualifizierte Experten<\/strong><\/p>\n<p style=\"text-align: center;\">EDV-Sachverst\u00e4ndiger (DESAG)\u00a0 |\u00a0 EDV-Sachverst\u00e4ndiger (IHK)<br \/>\nIT-Sachverst\u00e4ndiger (DEKRA)\u00a0 |\u00a0 Computer-Forensiker (DESAG)<br \/>\nZertifizierter Mediator (BM)<\/p>\n<p>[\/vc_column_text][\/vc_column][\/vc_row]<\/p>\n","protected":false},"excerpt":{"rendered":"<p>[vc_row full_width=&#8220;stretch_row&#8220; equal_height=&#8220;yes&#8220; content_placement=&#8220;top&#8220; css=&#8220;.vc_custom_1544192888705{margin-top: -85px !important;padding-top: 50px !important;padding-bottom: 30px !important;background-color: #f0f0f0 !important;}&#8220;][vc_column width=&#8220;1\/4&#8243;][vc_column_text] GUTACHEN Als Sachverst\u00e4ndige bieten wir Gutachten bzw. Stellungnahmen zu gegebenen Sachverhalten im IT-Bereich. Wir sind durch die Deutsche Sachverst\u00e4ndigen Gesellschaft (DESAG) gepr\u00fcft und als EDV-Sachverst\u00e4ndige f\u00fcr IT-Systeme und Anwendungen der Informationsverarbeitung im kaufm\u00e4nnisch-administrativen Bereich anerkannt. \u00a0 [&hellip;]<\/p>\n","protected":false},"author":1,"featured_media":0,"parent":0,"menu_order":0,"comment_status":"closed","ping_status":"closed","template":"","meta":[],"yoast_head":"<!-- This site is optimized with the Yoast SEO plugin v21.5 - https:\/\/yoast.com\/wordpress\/plugins\/seo\/ -->\n<title>Gutachten - tec4net<\/title>\n<meta name=\"description\" content=\"Als Sachverst\u00e4ndige bieten wir Gutachten bzw. Stellungnahmen zu gegebenen Sachverhalten im IT-Bereich. Wir sind durch die Deutsche Sachverst\u00e4ndigen Gesellschaft (DESAG) gepr\u00fcft und als EDV-Sachverst\u00e4ndige f\u00fcr IT-Systeme und Anwendungen der Informationsverarbeitung im kaufm\u00e4nnisch-administrativen Bereich anerkannt.\" \/>\n<meta name=\"robots\" content=\"index, follow, max-snippet:-1, max-image-preview:large, max-video-preview:-1\" \/>\n<link rel=\"canonical\" href=\"https:\/\/www.tec4net.com\/web\/gutachten\/\" \/>\n<meta property=\"og:locale\" content=\"de_DE\" \/>\n<meta property=\"og:type\" content=\"article\" \/>\n<meta property=\"og:title\" content=\"Gutachten - tec4net\" \/>\n<meta property=\"og:description\" content=\"Als Sachverst\u00e4ndige bieten wir Gutachten bzw. Stellungnahmen zu gegebenen Sachverhalten im IT-Bereich. Wir sind durch die Deutsche Sachverst\u00e4ndigen Gesellschaft (DESAG) gepr\u00fcft und als EDV-Sachverst\u00e4ndige f\u00fcr IT-Systeme und Anwendungen der Informationsverarbeitung im kaufm\u00e4nnisch-administrativen Bereich anerkannt.\" \/>\n<meta property=\"og:url\" content=\"https:\/\/www.tec4net.com\/web\/gutachten\/\" \/>\n<meta property=\"og:site_name\" content=\"tec4net\" \/>\n<meta property=\"article:modified_time\" content=\"2025-07-18T20:17:27+00:00\" \/>\n<meta name=\"twitter:card\" content=\"summary_large_image\" \/>\n<meta name=\"twitter:label1\" content=\"Gesch\u00e4tzte Lesezeit\" \/>\n\t<meta name=\"twitter:data1\" content=\"2\u00a0Minuten\" \/>\n<script type=\"application\/ld+json\" class=\"yoast-schema-graph\">{\"@context\":\"https:\/\/schema.org\",\"@graph\":[{\"@type\":\"WebPage\",\"@id\":\"https:\/\/www.tec4net.com\/web\/gutachten\/\",\"url\":\"https:\/\/www.tec4net.com\/web\/gutachten\/\",\"name\":\"Gutachten - tec4net\",\"isPartOf\":{\"@id\":\"https:\/\/www.tec4net.com\/web\/#website\"},\"datePublished\":\"2018-12-03T15:38:45+00:00\",\"dateModified\":\"2025-07-18T20:17:27+00:00\",\"description\":\"Als Sachverst\u00e4ndige bieten wir Gutachten bzw. Stellungnahmen zu gegebenen Sachverhalten im IT-Bereich. Wir sind durch die Deutsche Sachverst\u00e4ndigen Gesellschaft (DESAG) gepr\u00fcft und als EDV-Sachverst\u00e4ndige f\u00fcr IT-Systeme und Anwendungen der Informationsverarbeitung im kaufm\u00e4nnisch-administrativen Bereich anerkannt.\",\"breadcrumb\":{\"@id\":\"https:\/\/www.tec4net.com\/web\/gutachten\/#breadcrumb\"},\"inLanguage\":\"de\",\"potentialAction\":[{\"@type\":\"ReadAction\",\"target\":[\"https:\/\/www.tec4net.com\/web\/gutachten\/\"]}]},{\"@type\":\"BreadcrumbList\",\"@id\":\"https:\/\/www.tec4net.com\/web\/gutachten\/#breadcrumb\",\"itemListElement\":[{\"@type\":\"ListItem\",\"position\":1,\"name\":\"Startseite\",\"item\":\"https:\/\/www.tec4net.com\/web\/\"},{\"@type\":\"ListItem\",\"position\":2,\"name\":\"Gutachten\"}]},{\"@type\":\"WebSite\",\"@id\":\"https:\/\/www.tec4net.com\/web\/#website\",\"url\":\"https:\/\/www.tec4net.com\/web\/\",\"name\":\"tec4net\",\"description\":\"Ihr starker IT-Partner\",\"publisher\":{\"@id\":\"https:\/\/www.tec4net.com\/web\/#organization\"},\"potentialAction\":[{\"@type\":\"SearchAction\",\"target\":{\"@type\":\"EntryPoint\",\"urlTemplate\":\"https:\/\/www.tec4net.com\/web\/?s={search_term_string}\"},\"query-input\":\"required name=search_term_string\"}],\"inLanguage\":\"de\"},{\"@type\":\"Organization\",\"@id\":\"https:\/\/www.tec4net.com\/web\/#organization\",\"name\":\"tec4net\",\"url\":\"https:\/\/www.tec4net.com\/web\/\",\"logo\":{\"@type\":\"ImageObject\",\"inLanguage\":\"de\",\"@id\":\"https:\/\/www.tec4net.com\/web\/#\/schema\/logo\/image\/\",\"url\":\"https:\/\/www.tec4net.com\/web\/wp-content\/uploads\/2018\/12\/t4n_Logo_startseite.png\",\"contentUrl\":\"https:\/\/www.tec4net.com\/web\/wp-content\/uploads\/2018\/12\/t4n_Logo_startseite.png\",\"width\":178,\"height\":163,\"caption\":\"tec4net\"},\"image\":{\"@id\":\"https:\/\/www.tec4net.com\/web\/#\/schema\/logo\/image\/\"}}]}<\/script>\n<!-- \/ Yoast SEO plugin. -->","yoast_head_json":{"title":"Gutachten - tec4net","description":"Als Sachverst\u00e4ndige bieten wir Gutachten bzw. Stellungnahmen zu gegebenen Sachverhalten im IT-Bereich. Wir sind durch die Deutsche Sachverst\u00e4ndigen Gesellschaft (DESAG) gepr\u00fcft und als EDV-Sachverst\u00e4ndige f\u00fcr IT-Systeme und Anwendungen der Informationsverarbeitung im kaufm\u00e4nnisch-administrativen Bereich anerkannt.","robots":{"index":"index","follow":"follow","max-snippet":"max-snippet:-1","max-image-preview":"max-image-preview:large","max-video-preview":"max-video-preview:-1"},"canonical":"https:\/\/www.tec4net.com\/web\/gutachten\/","og_locale":"de_DE","og_type":"article","og_title":"Gutachten - tec4net","og_description":"Als Sachverst\u00e4ndige bieten wir Gutachten bzw. Stellungnahmen zu gegebenen Sachverhalten im IT-Bereich. Wir sind durch die Deutsche Sachverst\u00e4ndigen Gesellschaft (DESAG) gepr\u00fcft und als EDV-Sachverst\u00e4ndige f\u00fcr IT-Systeme und Anwendungen der Informationsverarbeitung im kaufm\u00e4nnisch-administrativen Bereich anerkannt.","og_url":"https:\/\/www.tec4net.com\/web\/gutachten\/","og_site_name":"tec4net","article_modified_time":"2025-07-18T20:17:27+00:00","twitter_card":"summary_large_image","twitter_misc":{"Gesch\u00e4tzte Lesezeit":"2\u00a0Minuten"},"schema":{"@context":"https:\/\/schema.org","@graph":[{"@type":"WebPage","@id":"https:\/\/www.tec4net.com\/web\/gutachten\/","url":"https:\/\/www.tec4net.com\/web\/gutachten\/","name":"Gutachten - tec4net","isPartOf":{"@id":"https:\/\/www.tec4net.com\/web\/#website"},"datePublished":"2018-12-03T15:38:45+00:00","dateModified":"2025-07-18T20:17:27+00:00","description":"Als Sachverst\u00e4ndige bieten wir Gutachten bzw. Stellungnahmen zu gegebenen Sachverhalten im IT-Bereich. Wir sind durch die Deutsche Sachverst\u00e4ndigen Gesellschaft (DESAG) gepr\u00fcft und als EDV-Sachverst\u00e4ndige f\u00fcr IT-Systeme und Anwendungen der Informationsverarbeitung im kaufm\u00e4nnisch-administrativen Bereich anerkannt.","breadcrumb":{"@id":"https:\/\/www.tec4net.com\/web\/gutachten\/#breadcrumb"},"inLanguage":"de","potentialAction":[{"@type":"ReadAction","target":["https:\/\/www.tec4net.com\/web\/gutachten\/"]}]},{"@type":"BreadcrumbList","@id":"https:\/\/www.tec4net.com\/web\/gutachten\/#breadcrumb","itemListElement":[{"@type":"ListItem","position":1,"name":"Startseite","item":"https:\/\/www.tec4net.com\/web\/"},{"@type":"ListItem","position":2,"name":"Gutachten"}]},{"@type":"WebSite","@id":"https:\/\/www.tec4net.com\/web\/#website","url":"https:\/\/www.tec4net.com\/web\/","name":"tec4net","description":"Ihr starker IT-Partner","publisher":{"@id":"https:\/\/www.tec4net.com\/web\/#organization"},"potentialAction":[{"@type":"SearchAction","target":{"@type":"EntryPoint","urlTemplate":"https:\/\/www.tec4net.com\/web\/?s={search_term_string}"},"query-input":"required name=search_term_string"}],"inLanguage":"de"},{"@type":"Organization","@id":"https:\/\/www.tec4net.com\/web\/#organization","name":"tec4net","url":"https:\/\/www.tec4net.com\/web\/","logo":{"@type":"ImageObject","inLanguage":"de","@id":"https:\/\/www.tec4net.com\/web\/#\/schema\/logo\/image\/","url":"https:\/\/www.tec4net.com\/web\/wp-content\/uploads\/2018\/12\/t4n_Logo_startseite.png","contentUrl":"https:\/\/www.tec4net.com\/web\/wp-content\/uploads\/2018\/12\/t4n_Logo_startseite.png","width":178,"height":163,"caption":"tec4net"},"image":{"@id":"https:\/\/www.tec4net.com\/web\/#\/schema\/logo\/image\/"}}]}},"_links":{"self":[{"href":"https:\/\/www.tec4net.com\/web\/wp-json\/wp\/v2\/pages\/299"}],"collection":[{"href":"https:\/\/www.tec4net.com\/web\/wp-json\/wp\/v2\/pages"}],"about":[{"href":"https:\/\/www.tec4net.com\/web\/wp-json\/wp\/v2\/types\/page"}],"author":[{"embeddable":true,"href":"https:\/\/www.tec4net.com\/web\/wp-json\/wp\/v2\/users\/1"}],"replies":[{"embeddable":true,"href":"https:\/\/www.tec4net.com\/web\/wp-json\/wp\/v2\/comments?post=299"}],"version-history":[{"count":22,"href":"https:\/\/www.tec4net.com\/web\/wp-json\/wp\/v2\/pages\/299\/revisions"}],"predecessor-version":[{"id":5743,"href":"https:\/\/www.tec4net.com\/web\/wp-json\/wp\/v2\/pages\/299\/revisions\/5743"}],"wp:attachment":[{"href":"https:\/\/www.tec4net.com\/web\/wp-json\/wp\/v2\/media?parent=299"}],"curies":[{"name":"wp","href":"https:\/\/api.w.org\/{rel}","templated":true}]}}