{"id":46,"date":"2018-11-27T11:49:00","date_gmt":"2018-11-27T10:49:00","guid":{"rendered":"https:\/\/www.tec4net.com\/web\/?page_id=46"},"modified":"2024-10-26T01:23:13","modified_gmt":"2024-10-25T23:23:13","slug":"startseite","status":"publish","type":"page","link":"https:\/\/www.tec4net.com\/web\/","title":{"rendered":"Startseite"},"content":{"rendered":"<p>[vc_row full_width=&#8220;stretch_row&#8220; equal_height=&#8220;yes&#8220; content_placement=&#8220;top&#8220; css=&#8220;.vc_custom_1543913921995{margin-top: -85px !important;margin-right: 0px !important;margin-bottom: 0px !important;margin-left: 0px !important;border-top-width: 0px !important;border-right-width: 0px !important;border-bottom-width: 0px !important;border-left-width: 0px !important;padding-top: 40px !important;padding-bottom: 40px !important;background-color: #f0f0f0 !important;}&#8220;][vc_column width=&#8220;1\/4&#8243;][vc_column_text]<\/p>\n<h2 style=\"text-align: left;\"><span style=\"color: #026198;\">\u00dcBER tec4net<br \/>\n<\/span><\/h2>\n<p>[\/vc_column_text][\/vc_column][vc_column width=&#8220;3\/4&#8243;][vc_column_text]Die Firma tec4net wurde 2003 in Berlin gegr\u00fcndet und hat heute ihren Hauptsitz im Gro\u00dfraum M\u00fcnchen. Als IT-Dienstleister betreuen wir mittelst\u00e4ndische Unternehmen und unterst\u00fctzen Gro\u00dfkunden und Konzerne bei der Planung und Umsetzung ihrer IT-Projekte.\u2028\u2028 Als ein Team von Fachleuten aus vielen Bereichen der Informationstechnologie und Unternehmensberatung, bieten wir auf Ihre Bed\u00fcrfnisse zugeschnittene individuelle und wirtschaftliche L\u00f6sungen.[\/vc_column_text][\/vc_column][\/vc_row][vc_row][vc_column][vc_empty_space height=&#8220;30&#8243;][\/vc_column][\/vc_row][vc_row][vc_column width=&#8220;1\/4&#8243;][vc_column_text]<\/p>\n<h4 style=\"text-align: left;\"><span style=\"color: #026198;\">Wir unterst\u00fctzen Sie<br \/>\nin diesen Fachbereichen:<\/span><\/h4>\n<p>[\/vc_column_text][\/vc_column][vc_column width=&#8220;1\/4&#8243;][vc_hoverbox image=&#8220;79&#8243; primary_title=&#8220;&#8220; primary_align=&#8220;justify&#8220; hover_title=&#8220;&#8220; shape=&#8220;square&#8220; hover_btn_title=&#8220;Mehr erfahren&#8220; hover_btn_shape=&#8220;square&#8220; hover_btn_color=&#8220;danger&#8220; hover_btn_align=&#8220;center&#8220; css_animation=&#8220;appear&#8220; hover_add_button=&#8220;true&#8220; hover_btn_link=&#8220;url:https%3A%2F%2Fwww.tec4net.com%2Fweb%2Fconsulting%2F|||&#8220;]<\/p>\n<h4 style=\"text-align: center;\"><span style=\"color: #026198;\">CONSULTING<\/span><\/h4>\n<p style=\"text-align: center;\">Strategie<br \/>\nIT-Konzepte<br \/>\nProzesse (ISO 9001)<\/p>\n<p><!--more-->[\/vc_hoverbox][\/vc_column][vc_column width=&#8220;1\/4&#8243;][vc_hoverbox image=&#8220;81&#8243; primary_title=&#8220;&#8220; primary_align=&#8220;justify&#8220; hover_title=&#8220;&#8220; shape=&#8220;square&#8220; hover_btn_title=&#8220;Mehr erfahren&#8220; hover_btn_shape=&#8220;square&#8220; hover_btn_color=&#8220;danger&#8220; hover_btn_align=&#8220;center&#8220; css_animation=&#8220;appear&#8220; hover_add_button=&#8220;true&#8220; hover_btn_link=&#8220;url:https%3A%2F%2Fwww.tec4net.com%2Fweb%2Fit-service%2F|||&#8220;]<\/p>\n<h4 style=\"text-align: center;\"><span style=\"color: #026198;\">IT-SERVICE<\/span><\/h4>\n<p style=\"text-align: center;\">Installation<br \/>\nAdministration<br \/>\nSupport<\/p>\n<p><!--more-->[\/vc_hoverbox][\/vc_column][vc_column width=&#8220;1\/4&#8243;][vc_hoverbox image=&#8220;80&#8243; primary_title=&#8220;&#8220; primary_align=&#8220;justify&#8220; hover_title=&#8220;&#8220; shape=&#8220;square&#8220; hover_btn_title=&#8220;Mehr erfahren&#8220; hover_btn_shape=&#8220;square&#8220; hover_btn_color=&#8220;danger&#8220; hover_btn_align=&#8220;center&#8220; css_animation=&#8220;appear&#8220; hover_add_button=&#8220;true&#8220; hover_btn_link=&#8220;url:https%3A%2F%2Fwww.tec4net.com%2Fweb%2Fit-security%2F|||&#8220;]<\/p>\n<h4 style=\"text-align: center;\"><span style=\"color: #026198;\">IT-SECURITY<\/span><\/h4>\n<p style=\"text-align: center;\">Audit (ISO 19011)<br \/>\nISMS (ISO\/IEC 27001)<br \/>\nPCI-DSS Compliance<\/p>\n<p><!--more-->[\/vc_hoverbox][\/vc_column][\/vc_row][vc_row][vc_column width=&#8220;1\/4&#8243;][vc_column_text][\/vc_column_text][\/vc_column][vc_column width=&#8220;1\/4&#8243;][vc_hoverbox image=&#8220;89&#8243; primary_title=&#8220;&#8220; primary_align=&#8220;justify&#8220; hover_title=&#8220;&#8220; shape=&#8220;square&#8220; hover_btn_title=&#8220;Mehr erfahren&#8220; hover_btn_shape=&#8220;square&#8220; hover_btn_color=&#8220;danger&#8220; hover_btn_align=&#8220;center&#8220; css_animation=&#8220;appear&#8220; hover_add_button=&#8220;true&#8220; hover_btn_link=&#8220;url:https%3A%2F%2Fwww.tec4net.com%2Fweb%2Fdatenschutz%2F|||&#8220;]<\/p>\n<h4 style=\"text-align: center;\"><span style=\"color: #026198;\">DATENSCHUTZ<\/span><\/h4>\n<p style=\"text-align: center;\">Audit (DSMS)<br \/>\nUmsetzung (DSGVO)<br \/>\nGutachten (TOM)<\/p>\n<p><!--more-->[\/vc_hoverbox][\/vc_column][vc_column width=&#8220;1\/4&#8243;][vc_hoverbox image=&#8220;90&#8243; primary_title=&#8220;&#8220; primary_align=&#8220;justify&#8220; hover_title=&#8220;&#8220; shape=&#8220;square&#8220; hover_btn_title=&#8220;Mehr erfahren&#8220; hover_btn_shape=&#8220;square&#8220; hover_btn_color=&#8220;danger&#8220; hover_btn_align=&#8220;center&#8220; css_animation=&#8220;appear&#8220; hover_add_button=&#8220;true&#8220; hover_btn_link=&#8220;url:https%3A%2F%2Fwww.tec4net.com%2Fweb%2Fgutachten%2F|||&#8220;]<\/p>\n<h4 style=\"text-align: center;\"><span style=\"color: #026198;\">GUTACHTEN<\/span><\/h4>\n<p style=\"text-align: center;\">Gerichtsgutachten<br \/>\nMachbarkeitsstudie (POC)<br \/>\nComputer-Forensik<\/p>\n<p><!--more-->[\/vc_hoverbox][\/vc_column][vc_column width=&#8220;1\/4&#8243;][vc_hoverbox image=&#8220;91&#8243; primary_title=&#8220;&#8220; primary_align=&#8220;justify&#8220; hover_title=&#8220;&#8220; shape=&#8220;square&#8220; hover_btn_title=&#8220;Mehr erfahren&#8220; hover_btn_shape=&#8220;square&#8220; hover_btn_color=&#8220;danger&#8220; hover_btn_align=&#8220;center&#8220; css_animation=&#8220;appear&#8220; hover_add_button=&#8220;true&#8220; hover_btn_link=&#8220;url:https%3A%2F%2Fwww.tec4net.com%2Fweb%2Fhard-software%2F|||&#8220;]<\/p>\n<h4 style=\"text-align: center;\"><span style=\"color: #026198;\">HARDWARE &amp; SOFTWARE<br \/>\n<\/span><\/h4>\n<p style=\"text-align: center;\">Hardware<br \/>\nSoftware<br \/>\nSizing &amp; Support<\/p>\n<p><!--more-->[\/vc_hoverbox][\/vc_column][\/vc_row][vc_row][vc_column][vc_empty_space height=&#8220;70&#8243;][\/vc_column][\/vc_row][vc_row full_width=&#8220;stretch_row&#8220; equal_height=&#8220;yes&#8220; content_placement=&#8220;top&#8220; css=&#8220;.vc_custom_1543930240705{margin-top: 0px !important;padding-top: 40px !important;padding-bottom: 40px !important;background-color: #f0f0f0 !important;}&#8220;][vc_column width=&#8220;1\/3&#8243;][vc_column_text css=&#8220;.vc_custom_1546008718087{margin-right: 20px !important;margin-left: 0px !important;background-color: #f0f0f0 !important;}&#8220;]<\/p>\n<h4 style=\"text-align: left;\"><span style=\"color: #026198;\">Unsere Methodik<\/span><\/h4>\n<p style=\"text-align: left;\"><span style=\"color: #808080;\">Bei unserer Beratung orientieren wir uns stets an der PDCA-Methodik nach W. A. Shewhart, welche auch im Rahmen der IT Infrastructure Library (ITIL) Best Practice f\u00fcr Planung, Organisation und Betrieb von IT-Infrastrukturen empfohlen wird.<\/span><\/p>\n<p>[\/vc_column_text][\/vc_column][vc_column width=&#8220;1\/3&#8243;][vc_column_text css=&#8220;.vc_custom_1543930610285{margin-right: 20px !important;margin-left: 0px !important;padding-right: 0px !important;padding-left: 0px !important;}&#8220;]<\/p>\n<h4 style=\"text-align: left;\"><span style=\"color: #ffffff;\"><span style=\"color: #026198;\">Unser Anspruch<\/span> <\/span><\/h4>\n<p style=\"text-align: left;\"><span style=\"color: #808080;\">Verl\u00e4sslichkeit, Kompetenz und Vertrauen sind die Werte, an denen wir unser Handeln und Engagement ausrichten. Unsere Maximen hierbei sind Qualit\u00e4t und Sicherheit sowie die pers\u00f6nliche Betreuung und N\u00e4he zum Kunden.<\/span><\/p>\n<p>[\/vc_column_text][\/vc_column][vc_column width=&#8220;1\/3&#8243;][vc_column_text css=&#8220;.vc_custom_1543930605470{margin-right: 20px !important;margin-left: 0px !important;padding-right: 0px !important;padding-left: 0px !important;}&#8220;]<\/p>\n<h4 style=\"text-align: left;\"><span style=\"color: #ffffff;\"><span style=\"color: #026198;\">Unser Ziel<\/span><br \/>\n<\/span><\/h4>\n<p style=\"text-align: left;\"><span style=\"color: #808080;\">Wir wollen, dass sich unsere Kunden stets auf unsere L\u00f6sungen sowie unsere kompetenten und engagierten Mitarbeiter verlassen k\u00f6nnen.<\/span><\/p>\n<p>[\/vc_column_text][\/vc_column][\/vc_row][vc_row][vc_column][vc_empty_space height=&#8220;40&#8243;][\/vc_column][\/vc_row][vc_row full_width=&#8220;stretch_row&#8220;][vc_column][vc_column_text]<\/p>\n<h4 style=\"text-align: left;\"><span style=\"color: #026198;\">Zufriedene Kunden:<\/span><\/h4>\n<p>[\/vc_column_text][vc_images_carousel images=&#8220;202,604,605,606,2477,607,608,611,2479,612,613,614,615,616,2483,618,619,2485,621,620,2434,2438,2436,2478,2441,2442,2445,2480,2447,2448,2484,2453,2454,2486,2446&#8243; img_size=&#8220;full&#8220; onclick=&#8220;link_no&#8220; speed=&#8220;1700&#8243; slides_per_view=&#8220;4&#8243; autoplay=&#8220;yes&#8220; hide_pagination_control=&#8220;yes&#8220; hide_prev_next_buttons=&#8220;yes&#8220; wrap=&#8220;yes&#8220;][\/vc_column][\/vc_row][vc_row][vc_column][vc_separator style=&#8220;dotted&#8220; border_width=&#8220;2&#8243;][\/vc_column][\/vc_row][vc_row][vc_column][vc_empty_space height=&#8220;40&#8243;][\/vc_column][\/vc_row][vc_row full_width=&#8220;stretch_row&#8220; content_placement=&#8220;top&#8220;][vc_column][vc_single_image image=&#8220;1710&#8243; img_size=&#8220;full&#8220; add_caption=&#8220;yes&#8220; alignment=&#8220;center&#8220; style=&#8220;vc_box_shadow_3d&#8220; onclick=&#8220;zoom&#8220; css=&#8220;.vc_custom_1550241017101{padding-bottom: -20px !important;}&#8220;][\/vc_column][\/vc_row][vc_row][vc_column css=&#8220;.vc_custom_1543826979005{padding-top: -20px !important;}&#8220;][vc_column_text css=&#8220;.vc_custom_1543940413807{margin-top: -20px !important;}&#8220;]<span style=\"color: #026198;\"><strong>Aufgabe:<\/strong> Umsetzung Datenschutz und IT-Sicherheit<\/span><br \/>\n<span style=\"color: #026198;\"><strong>Kunde:<\/strong> Hendrik van den Berg, Gesch\u00e4ftsf\u00fchrer der Neos IT Services GmbH<\/span>[\/vc_column_text][\/vc_column][\/vc_row][vc_row][vc_column][vc_separator style=&#8220;dotted&#8220; border_width=&#8220;2&#8243;][vc_column_text]Bleiben Sie informiert:\u00a0\u00a0\u00a0 tec4net-Blog <a href=\"http:\/\/it-news-blog.com\/\" target=\"_blank\" rel=\"noopener noreferrer\">\u2192\u00a0\u00a0 www.it-new-blog.com<\/a>\u00a0 |\u00a0 tec4net-News \u2192 <a href=\"http:\/\/www.news.tec4net.com\">www.news.tec4net.com<\/a>[\/vc_column_text][vc_separator style=&#8220;dotted&#8220; border_width=&#8220;2&#8243;][\/vc_column][\/vc_row]<\/p>\n","protected":false},"excerpt":{"rendered":"<p>[vc_row full_width=&#8220;stretch_row&#8220; equal_height=&#8220;yes&#8220; content_placement=&#8220;top&#8220; css=&#8220;.vc_custom_1543913921995{margin-top: -85px !important;margin-right: 0px !important;margin-bottom: 0px !important;margin-left: 0px !important;border-top-width: 0px !important;border-right-width: 0px !important;border-bottom-width: 0px !important;border-left-width: 0px !important;padding-top: 40px !important;padding-bottom: 40px !important;background-color: #f0f0f0 !important;}&#8220;][vc_column width=&#8220;1\/4&#8243;][vc_column_text] \u00dcBER tec4net [\/vc_column_text][\/vc_column][vc_column width=&#8220;3\/4&#8243;][vc_column_text]Die Firma tec4net wurde 2003 in Berlin gegr\u00fcndet und hat heute ihren Hauptsitz im Gro\u00dfraum M\u00fcnchen. Als IT-Dienstleister betreuen [&hellip;]<\/p>\n","protected":false},"author":1,"featured_media":0,"parent":0,"menu_order":0,"comment_status":"closed","ping_status":"closed","template":"","meta":[],"yoast_head":"<!-- This site is optimized with the Yoast SEO plugin v21.5 - https:\/\/yoast.com\/wordpress\/plugins\/seo\/ -->\n<title>Startseite - tec4net<\/title>\n<meta name=\"description\" content=\"Unsere IT-Experten beraten Sie im Bereich Consulting, IT-Security, Hard- &amp; Software und Datenschutz in M\u00fcnchen | tec4net GmbH\" \/>\n<meta name=\"robots\" content=\"index, follow, max-snippet:-1, max-image-preview:large, max-video-preview:-1\" \/>\n<link rel=\"canonical\" href=\"https:\/\/www.tec4net.com\/web\/\" \/>\n<meta property=\"og:locale\" content=\"de_DE\" \/>\n<meta property=\"og:type\" content=\"article\" \/>\n<meta property=\"og:title\" content=\"Startseite - tec4net\" \/>\n<meta property=\"og:description\" content=\"Unsere IT-Experten beraten Sie im Bereich Consulting, IT-Security, Hard- &amp; Software und Datenschutz in M\u00fcnchen | tec4net GmbH\" \/>\n<meta property=\"og:url\" content=\"https:\/\/www.tec4net.com\/web\/\" \/>\n<meta property=\"og:site_name\" content=\"tec4net\" \/>\n<meta property=\"article:modified_time\" content=\"2024-10-25T23:23:13+00:00\" \/>\n<meta name=\"twitter:card\" content=\"summary_large_image\" \/>\n<meta name=\"twitter:label1\" content=\"Gesch\u00e4tzte Lesezeit\" \/>\n\t<meta name=\"twitter:data1\" content=\"3\u00a0Minuten\" \/>\n<script type=\"application\/ld+json\" class=\"yoast-schema-graph\">{\"@context\":\"https:\/\/schema.org\",\"@graph\":[{\"@type\":\"WebPage\",\"@id\":\"https:\/\/www.tec4net.com\/web\/\",\"url\":\"https:\/\/www.tec4net.com\/web\/\",\"name\":\"Startseite - tec4net\",\"isPartOf\":{\"@id\":\"https:\/\/www.tec4net.com\/web\/#website\"},\"datePublished\":\"2018-11-27T10:49:00+00:00\",\"dateModified\":\"2024-10-25T23:23:13+00:00\",\"description\":\"Unsere IT-Experten beraten Sie im Bereich Consulting, IT-Security, Hard- & Software und Datenschutz in M\u00fcnchen | tec4net GmbH\",\"breadcrumb\":{\"@id\":\"https:\/\/www.tec4net.com\/web\/#breadcrumb\"},\"inLanguage\":\"de\",\"potentialAction\":[{\"@type\":\"ReadAction\",\"target\":[\"https:\/\/www.tec4net.com\/web\/\"]}]},{\"@type\":\"BreadcrumbList\",\"@id\":\"https:\/\/www.tec4net.com\/web\/#breadcrumb\",\"itemListElement\":[{\"@type\":\"ListItem\",\"position\":1,\"name\":\"Startseite\",\"item\":\"https:\/\/www.tec4net.com\/web\/\"},{\"@type\":\"ListItem\",\"position\":2,\"name\":\"Startseite\"}]},{\"@type\":\"WebSite\",\"@id\":\"https:\/\/www.tec4net.com\/web\/#website\",\"url\":\"https:\/\/www.tec4net.com\/web\/\",\"name\":\"tec4net\",\"description\":\"Ihr starker IT-Partner\",\"publisher\":{\"@id\":\"https:\/\/www.tec4net.com\/web\/#organization\"},\"potentialAction\":[{\"@type\":\"SearchAction\",\"target\":{\"@type\":\"EntryPoint\",\"urlTemplate\":\"https:\/\/www.tec4net.com\/web\/?s={search_term_string}\"},\"query-input\":\"required name=search_term_string\"}],\"inLanguage\":\"de\"},{\"@type\":\"Organization\",\"@id\":\"https:\/\/www.tec4net.com\/web\/#organization\",\"name\":\"tec4net\",\"url\":\"https:\/\/www.tec4net.com\/web\/\",\"logo\":{\"@type\":\"ImageObject\",\"inLanguage\":\"de\",\"@id\":\"https:\/\/www.tec4net.com\/web\/#\/schema\/logo\/image\/\",\"url\":\"https:\/\/www.tec4net.com\/web\/wp-content\/uploads\/2018\/12\/t4n_Logo_startseite.png\",\"contentUrl\":\"https:\/\/www.tec4net.com\/web\/wp-content\/uploads\/2018\/12\/t4n_Logo_startseite.png\",\"width\":178,\"height\":163,\"caption\":\"tec4net\"},\"image\":{\"@id\":\"https:\/\/www.tec4net.com\/web\/#\/schema\/logo\/image\/\"}}]}<\/script>\n<!-- \/ Yoast SEO plugin. -->","yoast_head_json":{"title":"Startseite - tec4net","description":"Unsere IT-Experten beraten Sie im Bereich Consulting, IT-Security, Hard- & Software und Datenschutz in M\u00fcnchen | tec4net GmbH","robots":{"index":"index","follow":"follow","max-snippet":"max-snippet:-1","max-image-preview":"max-image-preview:large","max-video-preview":"max-video-preview:-1"},"canonical":"https:\/\/www.tec4net.com\/web\/","og_locale":"de_DE","og_type":"article","og_title":"Startseite - tec4net","og_description":"Unsere IT-Experten beraten Sie im Bereich Consulting, IT-Security, Hard- & Software und Datenschutz in M\u00fcnchen | tec4net GmbH","og_url":"https:\/\/www.tec4net.com\/web\/","og_site_name":"tec4net","article_modified_time":"2024-10-25T23:23:13+00:00","twitter_card":"summary_large_image","twitter_misc":{"Gesch\u00e4tzte Lesezeit":"3\u00a0Minuten"},"schema":{"@context":"https:\/\/schema.org","@graph":[{"@type":"WebPage","@id":"https:\/\/www.tec4net.com\/web\/","url":"https:\/\/www.tec4net.com\/web\/","name":"Startseite - tec4net","isPartOf":{"@id":"https:\/\/www.tec4net.com\/web\/#website"},"datePublished":"2018-11-27T10:49:00+00:00","dateModified":"2024-10-25T23:23:13+00:00","description":"Unsere IT-Experten beraten Sie im Bereich Consulting, IT-Security, Hard- & Software und Datenschutz in M\u00fcnchen | tec4net GmbH","breadcrumb":{"@id":"https:\/\/www.tec4net.com\/web\/#breadcrumb"},"inLanguage":"de","potentialAction":[{"@type":"ReadAction","target":["https:\/\/www.tec4net.com\/web\/"]}]},{"@type":"BreadcrumbList","@id":"https:\/\/www.tec4net.com\/web\/#breadcrumb","itemListElement":[{"@type":"ListItem","position":1,"name":"Startseite","item":"https:\/\/www.tec4net.com\/web\/"},{"@type":"ListItem","position":2,"name":"Startseite"}]},{"@type":"WebSite","@id":"https:\/\/www.tec4net.com\/web\/#website","url":"https:\/\/www.tec4net.com\/web\/","name":"tec4net","description":"Ihr starker IT-Partner","publisher":{"@id":"https:\/\/www.tec4net.com\/web\/#organization"},"potentialAction":[{"@type":"SearchAction","target":{"@type":"EntryPoint","urlTemplate":"https:\/\/www.tec4net.com\/web\/?s={search_term_string}"},"query-input":"required name=search_term_string"}],"inLanguage":"de"},{"@type":"Organization","@id":"https:\/\/www.tec4net.com\/web\/#organization","name":"tec4net","url":"https:\/\/www.tec4net.com\/web\/","logo":{"@type":"ImageObject","inLanguage":"de","@id":"https:\/\/www.tec4net.com\/web\/#\/schema\/logo\/image\/","url":"https:\/\/www.tec4net.com\/web\/wp-content\/uploads\/2018\/12\/t4n_Logo_startseite.png","contentUrl":"https:\/\/www.tec4net.com\/web\/wp-content\/uploads\/2018\/12\/t4n_Logo_startseite.png","width":178,"height":163,"caption":"tec4net"},"image":{"@id":"https:\/\/www.tec4net.com\/web\/#\/schema\/logo\/image\/"}}]}},"_links":{"self":[{"href":"https:\/\/www.tec4net.com\/web\/wp-json\/wp\/v2\/pages\/46"}],"collection":[{"href":"https:\/\/www.tec4net.com\/web\/wp-json\/wp\/v2\/pages"}],"about":[{"href":"https:\/\/www.tec4net.com\/web\/wp-json\/wp\/v2\/types\/page"}],"author":[{"embeddable":true,"href":"https:\/\/www.tec4net.com\/web\/wp-json\/wp\/v2\/users\/1"}],"replies":[{"embeddable":true,"href":"https:\/\/www.tec4net.com\/web\/wp-json\/wp\/v2\/comments?post=46"}],"version-history":[{"count":326,"href":"https:\/\/www.tec4net.com\/web\/wp-json\/wp\/v2\/pages\/46\/revisions"}],"predecessor-version":[{"id":3993,"href":"https:\/\/www.tec4net.com\/web\/wp-json\/wp\/v2\/pages\/46\/revisions\/3993"}],"wp:attachment":[{"href":"https:\/\/www.tec4net.com\/web\/wp-json\/wp\/v2\/media?parent=46"}],"curies":[{"name":"wp","href":"https:\/\/api.w.org\/{rel}","templated":true}]}}