{"id":4928,"date":"2025-03-16T08:27:54","date_gmt":"2025-03-16T07:27:54","guid":{"rendered":"https:\/\/www.tec4net.com\/web\/?page_id=4928"},"modified":"2025-03-24T11:15:44","modified_gmt":"2025-03-24T10:15:44","slug":"iso-27001","status":"publish","type":"page","link":"https:\/\/www.tec4net.com\/web\/iso-27001\/","title":{"rendered":"ISO 27001"},"content":{"rendered":"<p>[vc_row full_width=&#8220;stretch_row&#8220; equal_height=&#8220;yes&#8220; css=&#8220;.vc_custom_1544018271708{margin-top: -85px !important;padding-top: 50px !important;padding-bottom: 30px !important;background-color: #f0f0f0 !important;}&#8220;][vc_column width=&#8220;1\/4&#8243;][vc_column_text]<\/p>\n<h2 style=\"text-align: right;\"><span style=\"color: #026198;\">ISO\/IEC 27001<br \/>\n<\/span><\/h2>\n<p style=\"text-align: right;\"><strong><span style=\"color: #026198;\">Die DIN ISO\/IEC 27001 ist der weltweit anerkannte Standard f\u00fcr Informationssicherheits-Managementsysteme (ISMS) in Organisationen. Sie hilft, sensible Daten zu sch\u00fctzen und Risiken systematisch zu managen, um Vertrauen zu schaffen.<\/span><\/strong><\/p>\n<p>[\/vc_column_text][\/vc_column][vc_column width=&#8220;3\/4&#8243;][vc_single_image image=&#8220;574&#8243; img_size=&#8220;full&#8220; alignment=&#8220;center&#8220; style=&#8220;vc_box_shadow_3d&#8220; css_animation=&#8220;fadeInUp&#8220;][\/vc_column][\/vc_row][vc_row css=&#8220;.vc_custom_1544085434169{padding-top: 10px !important;}&#8220;][vc_column width=&#8220;1\/4&#8243;][vc_single_image image=&#8220;583&#8243; img_size=&#8220;200&#215;128&#8243; alignment=&#8220;center&#8220;][\/vc_column][vc_column width=&#8220;3\/4&#8243;][vc_column_text css=&#8220;.vc_custom_1742087240252{padding-bottom: 20px !important;}&#8220;]<\/p>\n<h4>Was ist die ISO\/IEC 27001?<\/h4>\n<ul>\n<li>Die ISO 27001 ist eine internationale Norm f\u00fcr das Management von Informationssicherheit. Sie legt Anforderungen f\u00fcr ein Informationssicherheits-Managementsystem (ISMS) fest, um vertrauliche Daten zu sch\u00fctzen, Risiken zu minimieren und die Sicherheit in Organisationen zu gew\u00e4hrleisten.<\/li>\n<li>Die normgerechte Umsetzung der ISO 27001 kann von akkreditierten Zertifizierungsstellen gepr\u00fcft und zertifiziert werden. Eine Zertifizierung belegt, dass eine Organisation ein effektives Informationssicherheits-Managementsystem eingef\u00fchrt und Datenschutzma\u00dfnahmen umgesetzt hat.<\/li>\n<li>ISO steht f\u00fcr die Internationale Organisation f\u00fcr Normung, dabei handelt es sich um eine unabh\u00e4ngige Vereinigung nationaler Normungsorganisationen aus 167 L\u00e4ndern. Sie entwickelt und ver\u00f6ffentlicht weltweit Standards und Normen f\u00fcr nahezu alle Wirtschafts- und Technologiebereiche.<\/li>\n<li>IEC steht f\u00fcr die Internationale Elektrotechnische Kommission, sie ist eine weltweit anerkannte Organisation f\u00fcr die Standardisierung in den Bereichen Elektrik, Elektronik und verwandte Technologien. Bei Normen zur Informations- und Kommunikationstechnik arbeiten ISO und IEC zusammen.<\/li>\n<\/ul>\n<p>[\/vc_column_text][\/vc_column][\/vc_row][vc_row][vc_column][vc_empty_space][\/vc_column][\/vc_row][vc_row][vc_column width=&#8220;1\/4&#8243;][vc_empty_space][\/vc_column][vc_column width=&#8220;2\/3&#8243;][vc_column_text]<\/p>\n<h3>Was bringt die Norm f\u00fcr Unternehmen?<\/h3>\n<p>[\/vc_column_text][\/vc_column][\/vc_row][vc_row][vc_column width=&#8220;1\/4&#8243;][\/vc_column][vc_column width=&#8220;2\/3&#8243;][vc_column_text]<\/p>\n<h4><span style=\"color: #026198;\">Mehr Sicherheit, mehr Vertrauen und mehr Gesch\u00e4ft durch\u2026<\/span><\/h4>\n<p><span style=\"color: #026198;\">\u2192\u00a0\u00a0 Schutz der Vertraulichkeit, Integrit\u00e4t und Verf\u00fcgbarkeit von Informationen<br \/>\n<\/span><\/p>\n<p><span style=\"color: #026198;\">\u2192\u00a0\u00a0 Zugang zu neuen M\u00e4rkten mit hohem Schutzbedarf<br \/>\n<\/span><\/p>\n<p><span style=\"color: #026198;\">\u2192\u00a0\u00a0 Minimierung von Informationssicherheitsrisiken<br \/>\n<\/span><\/p>\n<p><span style=\"color: #026198;\">\u2192\u00a0\u00a0 Etablierung eines Informationssicherheits-Managementsystems (ISMS)<br \/>\n<\/span><\/p>\n<p><span style=\"color: #026198;\">\u2192\u00a0\u00a0\u00a0 Einhaltung gesetzlicher und regulatorischer Anforderungen<\/span><\/p>\n<p><span style=\"color: #026198;\">\u2192\u00a0\u00a0\u00a0 Kontinuierliche Verbesserung der Sicherheitsma\u00dfnahmen<br \/>\n<\/span><\/p>\n<p><span style=\"color: #026198;\">\u2192\u00a0\u00a0\u00a0 St\u00e4rkung des Vertrauens bei Kunden und Partnern<br \/>\n<\/span><\/p>\n<p><span style=\"color: #026198;\">\u2192\u00a0\u00a0\u00a0 Risikobewusste Unternehmensf\u00fchrung<br \/>\n<\/span><\/p>\n<p><span style=\"color: #026198;\">\u2192\u00a0\u00a0\u00a0 Reduzierung von Haftungs- und Gesch\u00e4ftsrisiken<br \/>\n<\/span><\/p>\n<p><span style=\"color: #026198;\">\u2192\u00a0\u00a0\u00a0 Verbesserung der Wettbewerbsf\u00e4higkeit<\/span>[\/vc_column_text][vc_separator style=&#8220;dotted&#8220; border_width=&#8220;2&#8243;][vc_column_text css=&#8220;.vc_custom_1742437630285{padding-bottom: 20px !important;}&#8220;]<\/p>\n<p style=\"text-align: center;\">Wir beraten Sie bei der Umsetzung Ihres ISMS auf Basis der ISO 27001 und entwickeln eine Sammlung von Methoden, Vorgaben und Regeln, die in Ihrem Unternehmen zur kontinuierlichen Steuerung und Verbesserung der Informationssicherheit beitragen.<\/p>\n<p>[\/vc_column_text][vc_btn title=&#8220;\u2709 Kostenloses Erstgespr\u00e4ch&#8220; color=&#8220;pink&#8220; align=&#8220;center&#8220; link=&#8220;url:mailto%3Ainfo%40tec4net.com%3Fsubject%3DKostenloses%2520Erstgespr%25C3%25A4ch%2520-%2520IT-Security|||&#8220;][\/vc_column][\/vc_row][vc_row][vc_column][vc_empty_space][vc_empty_space][\/vc_column][\/vc_row][vc_row][vc_column][vc_column_text]<\/p>\n<h3>Wettbewerbsvorteil durch Zertifizierung nach ISO\/IEC 27001<\/h3>\n<p>[\/vc_column_text][\/vc_column][\/vc_row][vc_row][vc_column width=&#8220;1\/2&#8243;][vc_column_text css=&#8220;.vc_custom_1742438881682{padding-bottom: 20px !important;}&#8220;]<\/p>\n<h4>Einf\u00fchrung eines Sicherheitssystems<\/h4>\n<ul>\n<li>Schritte zur Implementierung<\/li>\n<li>Projektplanung und Initialisierung<\/li>\n<li>Management-Engagement sicherstellen<\/li>\n<li>Sicherheitsrichtlinien und -ziele entwickeln<\/li>\n<li>Initiale Situationsanalyse durchf\u00fchren<\/li>\n<li>Risikoanalyse und Risikomanagement<\/li>\n<li>Rollen und Verantwortlichkeiten festlegen<\/li>\n<li>Sicherheitsma\u00dfnahmen umsetzen<\/li>\n<li>Dokumentation zum ISMS erstellen<\/li>\n<li>Schulung und Sensibilisierung der Mitarbeiter<\/li>\n<li>Implementierung der Sicherheitsma\u00dfnahmen<\/li>\n<li>Kontinuierliche Verbesserung (PDCA-Zyklus)<\/li>\n<li>\u00dcberwachung und Kontrolle des ISMS<\/li>\n<\/ul>\n<h4>Vorbereitungen zur Zertifizierung<\/h4>\n<ul>\n<li>Interne Audits und \u00dcberpr\u00fcfungen<\/li>\n<li>Management-Review<\/li>\n<li>Zertifizierungsvorbereitung<\/li>\n<\/ul>\n<h4>Audit- und Zertifizierungsprozess<\/h4>\n<ul>\n<li>Zertifizierungsaudit durchf\u00fchren<\/li>\n<li>Erhalt der Zertifizierung<\/li>\n<li>Regelm\u00e4\u00dfige Audits und Rezertifizierung<\/li>\n<\/ul>\n<p>[\/vc_column_text][\/vc_column][vc_column width=&#8220;1\/4&#8243;][vc_column_text css=&#8220;.vc_custom_1742086278561{padding-bottom: 20px !important;}&#8220;]<\/p>\n<h4>Zugang zu neuen Kunden<\/h4>\n<p>Eine Zertifizierung schafft Vertrauen und verbessert die Reputation. In immer mehr Branchen wird sie zum T\u00fcr\u00f6ffner, da Unternehmen nur mit Dienstleistern zusammenarbeiten d\u00fcrfen, die ein Informationssicherheits-Managementsystem betreiben und dessen Wirksamkeit nachweisen.[\/vc_column_text][vc_empty_space][vc_column_text css=&#8220;.vc_custom_1742437653784{padding-bottom: 20px !important;}&#8220;]<\/p>\n<h4>Pflicht zur Zertifizierung<\/h4>\n<p>Seit 31.01.2018 sind Betreiber kritischer Infrastrukturen (KRITIS) verpflichtet, ihr ISMS nach ISO\/IEC 27001 zu zertifizieren. Zudem m\u00fcssen sie verbindliche Mindestanforderungen an die Informationssicherheit f\u00fcr Dienstleister und Lieferanten festlegen und kontrollieren.[\/vc_column_text][\/vc_column][vc_column width=&#8220;1\/4&#8243;][vc_column_text css=&#8220;.vc_custom_1742438447131{padding-bottom: 20px !important;}&#8220;]<\/p>\n<h4>IT-Sicherheit mit System<\/h4>\n<p>Ein ISMS sorgt f\u00fcr die strukturierte Planung, Umsetzung und Verbesserung von Ma\u00dfnahmen zur Informationssicherheit. Es erm\u00f6glicht Unternehmen, weitere Normen zur IT-Sicherheit wie TISAX und rechtliche Vorgaben wie KRITIS oder NIS-2 mit \u00fcberschaubarem Aufwand zu erf\u00fcllen.[\/vc_column_text][vc_empty_space][vc_column_text css=&#8220;.vc_custom_1742437715674{padding-bottom: 20px !important;}&#8220;]<\/p>\n<h4><strong>G\u00fcltigkeit des Zertifikats<\/strong><\/h4>\n<p>Eine verliehene Zertifizierung zur ISO\/IEC 27001 ist drei Jahre g\u00fcltig. J\u00e4hrliche \u00dcberwachungsaudits gew\u00e4hrleisten die Konformit\u00e4t des ISMS. Nach drei Jahren ist eine Rezertifizierung erforderlich, um das Zertifikat zu behalten und die Standards weiterhin zu erf\u00fcllen.[\/vc_column_text][\/vc_column][\/vc_row][vc_row][vc_column][vc_empty_space][\/vc_column][\/vc_row][vc_row][vc_column][vc_separator style=&#8220;dotted&#8220; border_width=&#8220;2&#8243;][vc_column_text]<\/p>\n<p style=\"text-align: center;\">Brosch\u00fcren zum Download: \u00a0<a href=\"https:\/\/www.tec4net.com\/web\/wp-content\/uploads\/2025\/03\/tec4net_Infoblatt_ISO27001.pdf\">\u2192\u00a0\u00a0\u00a0tec4net_Infoblatt_ISO_27001 (0,3 MB)<\/a><\/p>\n<p>[\/vc_column_text][vc_separator style=&#8220;dotted&#8220; border_width=&#8220;2&#8243;][\/vc_column][\/vc_row][vc_row][vc_column][vc_btn title=&#8220;\u2709 Kostenloses Erstgespr\u00e4ch&#8220; color=&#8220;pink&#8220; align=&#8220;center&#8220; link=&#8220;url:mailto%3Ainfo%40tec4net.com%3Fsubject%3DKostenloses%2520Erstgespr%25C3%25A4ch%2520-%2520IT-Security|||&#8220;][vc_column_text css=&#8220;.vc_custom_1742089389301{padding-bottom: 20px !important;}&#8220;]<\/p>\n<p style=\"text-align: center;\">tec4net \u2013 Beratung zu Datenschutz und IT-Sicherheit \u2013 seit 2003<\/p>\n<p>[\/vc_column_text][vc_empty_space][\/vc_column][\/vc_row][vc_row css=&#8220;.vc_custom_1729202016174{background-color: #f0f0f0 !important;}&#8220;][vc_column][vc_empty_space][vc_column_text]<\/p>\n<h4 style=\"text-align: center;\"><span style=\"color: #026198;\">Ihr externer Informationssicherheitsbeauftragter (ISB) f\u00fcr M\u00fcnchen und Deutschland <\/span><\/h4>\n<p>[\/vc_column_text][vc_column_text]<\/p>\n<p style=\"text-align: center;\"><strong>Qualifizierte Experten<\/strong><\/p>\n<p style=\"text-align: center;\">Chief Information Security Officer (DGI)\u00a0 |\u00a0 IT-Sicherheitsbeauftragter (DGI)<br \/>\nCertified Information Security Manager (CISM)\u00a0 |\u00a0 Certified Ethical Hacker (CEH)<br \/>\nCertified in Risk and Information Systems Control (CRISC)<\/p>\n<p>[\/vc_column_text][\/vc_column][\/vc_row][vc_row][vc_column][vc_empty_space][vc_empty_space][vc_column_text]<\/p>\n<p style=\"text-align: center;\"><strong>Auch in Ihrer N\u00e4he<\/strong><\/p>\n<p style=\"text-align: center;\"><a href=\"https:\/\/www.tec4net.com\/web\/externer-informationssicherheitsbeauftragter-in-augsburg\">Augsburg<\/a> | <a href=\"https:\/\/www.tec4net.com\/web\/externer-informationssicherheitsbeauftragter-in-berlin\">Berlin<\/a> | <a href=\"https:\/\/www.tec4net.com\/web\/externer-informationssicherheitsbeauftragter-in-bielefeld\">Bielefeld<\/a> | <a href=\"https:\/\/www.tec4net.com\/web\/externer-informationssicherheitsbeauftragter-in-bochum\">Bochum<\/a> | <a href=\"https:\/\/www.tec4net.com\/web\/externer-informationssicherheitsbeauftragter-in-bremen\">Bremen<\/a> | <a href=\"https:\/\/www.tec4net.com\/web\/externer-informationssicherheitsbeauftragter-in-dortmund\">Dortmund<\/a> | <a href=\"https:\/\/www.tec4net.com\/web\/externer-informationssicherheitsbeauftragter-in-dresden\">Dresden<\/a> |\u00a0 <a href=\"https:\/\/www.tec4net.com\/web\/externer-informationssicherheitsbeauftragter-in-duesseldorf\">D\u00fcsseldorf<\/a> | <a href=\"https:\/\/www.tec4net.com\/web\/externer-informationssicherheitsbeauftragter-in-erfurt\">Erfurt<\/a> | <a href=\"https:\/\/www.tec4net.com\/web\/externer-informationssicherheitsbeauftragter-in-essen\">Essen<\/a> | <a href=\"https:\/\/www.tec4net.com\/web\/externer-informationssicherheitsbeauftragter-in-frankfurt\">Frankfurt<\/a> | <a href=\"https:\/\/www.tec4net.com\/web\/externer-informationssicherheitsbeauftragter-in-hamburg\">Hamburg<\/a> | <a href=\"https:\/\/www.tec4net.com\/web\/externer-informationssicherheitsbeauftragter-in-hannover\">Hannover<\/a> | <a href=\"https:\/\/www.tec4net.com\/web\/externer-informationssicherheitsbeauftragter-in-ingolstadt\">Ingolstadt<\/a> | <a href=\"https:\/\/www.tec4net.com\/web\/externer-informationssicherheitsbeauftragter-in-kiel\">Kiel<\/a> | <a href=\"https:\/\/www.tec4net.com\/web\/externer-informationssicherheitsbeauftragter-in-koeln\">K\u00f6ln<\/a> | <a href=\"https:\/\/www.tec4net.com\/web\/externer-informationssicherheitsbeauftragter-in-leipzig\">Leipzig<\/a> | <a href=\"https:\/\/www.tec4net.com\/web\/externer-informationssicherheitsbeauftragter-in-magdeburg\">Magdeburg<\/a> | <a href=\"https:\/\/www.tec4net.com\/web\/externer-informationssicherheitsbeauftragter-in-mainz\">Mainz<\/a> | <a href=\"https:\/\/www.tec4net.com\/web\/externer-informationssicherheitsbeauftragter-in-mannheim\">Mannheim<\/a> | <a href=\"https:\/\/www.tec4net.com\/web\/externer-informationssicherheitsbeauftragter-in-muenchen\">M\u00fcnchen<\/a> | <a href=\"https:\/\/www.tec4net.com\/web\/externer-informationssicherheitsbeauftragter-in-nuernberg\">N\u00fcrnberg<\/a> | <a href=\"https:\/\/www.tec4net.com\/web\/externer-informationssicherheitsbeauftragter-in-potsdam\">Potsdam<\/a> | <a href=\"https:\/\/www.tec4net.com\/web\/externer-informationssicherheitsbeauftragter-in-regensburg\">Regensburg<\/a> | <a href=\"https:\/\/www.tec4net.com\/web\/externer-informationssicherheitsbeauftragter-in-rostock\">Rostock<\/a> | <a href=\"https:\/\/www.tec4net.com\/web\/externer-informationssicherheitsbeauftragter-in-saarbruecken\">Saarbr\u00fccken<\/a> | <a href=\"https:\/\/www.tec4net.com\/web\/externer-informationssicherheitsbeauftragter-in-stuttgart\">Stuttgart<\/a> | <a href=\"https:\/\/www.tec4net.com\/web\/externer-informationssicherheitsbeauftragter-in-wuerzburg\">W\u00fcrzburg<\/a><\/p>\n<hr \/>\n<p>[\/vc_column_text][\/vc_column][\/vc_row]<\/p>\n","protected":false},"excerpt":{"rendered":"<p>[vc_row full_width=&#8220;stretch_row&#8220; equal_height=&#8220;yes&#8220; css=&#8220;.vc_custom_1544018271708{margin-top: -85px !important;padding-top: 50px !important;padding-bottom: 30px !important;background-color: #f0f0f0 !important;}&#8220;][vc_column width=&#8220;1\/4&#8243;][vc_column_text] ISO\/IEC 27001 Die DIN ISO\/IEC 27001 ist der weltweit anerkannte Standard f\u00fcr Informationssicherheits-Managementsysteme (ISMS) in Organisationen. Sie hilft, sensible Daten zu sch\u00fctzen und Risiken systematisch zu managen, um Vertrauen zu schaffen. [\/vc_column_text][\/vc_column][vc_column width=&#8220;3\/4&#8243;][vc_single_image image=&#8220;574&#8243; img_size=&#8220;full&#8220; alignment=&#8220;center&#8220; style=&#8220;vc_box_shadow_3d&#8220; [&hellip;]<\/p>\n","protected":false},"author":1,"featured_media":0,"parent":0,"menu_order":0,"comment_status":"closed","ping_status":"closed","template":"","meta":[],"yoast_head":"<!-- This site is optimized with the Yoast SEO plugin v21.5 - https:\/\/yoast.com\/wordpress\/plugins\/seo\/ -->\n<title>ISO 27001 - tec4net<\/title>\n<meta name=\"description\" content=\"Um IT-Bereiche vor St\u00f6rungen oder b\u00f6swilliger Manipulation wirkungsvoll zu sch\u00fctzen, muss IT-Sicherheit muss als ein zentrales Thema in Ihrem Unternehmen verstanden werden und im Denken und Handeln aller Mitarbeiter verankert sein.\" \/>\n<meta name=\"robots\" content=\"index, follow, max-snippet:-1, max-image-preview:large, max-video-preview:-1\" \/>\n<link rel=\"canonical\" href=\"https:\/\/www.tec4net.com\/web\/iso-27001\/\" \/>\n<meta property=\"og:locale\" content=\"de_DE\" \/>\n<meta property=\"og:type\" content=\"article\" \/>\n<meta property=\"og:title\" content=\"ISO 27001 - tec4net\" \/>\n<meta property=\"og:description\" content=\"Um IT-Bereiche vor St\u00f6rungen oder b\u00f6swilliger Manipulation wirkungsvoll zu sch\u00fctzen, muss IT-Sicherheit muss als ein zentrales Thema in Ihrem Unternehmen verstanden werden und im Denken und Handeln aller Mitarbeiter verankert sein.\" \/>\n<meta property=\"og:url\" content=\"https:\/\/www.tec4net.com\/web\/iso-27001\/\" \/>\n<meta property=\"og:site_name\" content=\"tec4net\" \/>\n<meta property=\"article:modified_time\" content=\"2025-03-24T10:15:44+00:00\" \/>\n<meta name=\"twitter:card\" content=\"summary_large_image\" \/>\n<meta name=\"twitter:label1\" content=\"Gesch\u00e4tzte Lesezeit\" \/>\n\t<meta name=\"twitter:data1\" content=\"4\u00a0Minuten\" \/>\n<script type=\"application\/ld+json\" class=\"yoast-schema-graph\">{\"@context\":\"https:\/\/schema.org\",\"@graph\":[{\"@type\":\"WebPage\",\"@id\":\"https:\/\/www.tec4net.com\/web\/iso-27001\/\",\"url\":\"https:\/\/www.tec4net.com\/web\/iso-27001\/\",\"name\":\"ISO 27001 - tec4net\",\"isPartOf\":{\"@id\":\"https:\/\/www.tec4net.com\/web\/#website\"},\"datePublished\":\"2025-03-16T07:27:54+00:00\",\"dateModified\":\"2025-03-24T10:15:44+00:00\",\"description\":\"Um IT-Bereiche vor St\u00f6rungen oder b\u00f6swilliger Manipulation wirkungsvoll zu sch\u00fctzen, muss IT-Sicherheit muss als ein zentrales Thema in Ihrem Unternehmen verstanden werden und im Denken und Handeln aller Mitarbeiter verankert sein.\",\"breadcrumb\":{\"@id\":\"https:\/\/www.tec4net.com\/web\/iso-27001\/#breadcrumb\"},\"inLanguage\":\"de\",\"potentialAction\":[{\"@type\":\"ReadAction\",\"target\":[\"https:\/\/www.tec4net.com\/web\/iso-27001\/\"]}]},{\"@type\":\"BreadcrumbList\",\"@id\":\"https:\/\/www.tec4net.com\/web\/iso-27001\/#breadcrumb\",\"itemListElement\":[{\"@type\":\"ListItem\",\"position\":1,\"name\":\"Startseite\",\"item\":\"https:\/\/www.tec4net.com\/web\/\"},{\"@type\":\"ListItem\",\"position\":2,\"name\":\"ISO 27001\"}]},{\"@type\":\"WebSite\",\"@id\":\"https:\/\/www.tec4net.com\/web\/#website\",\"url\":\"https:\/\/www.tec4net.com\/web\/\",\"name\":\"tec4net\",\"description\":\"Ihr starker IT-Partner\",\"publisher\":{\"@id\":\"https:\/\/www.tec4net.com\/web\/#organization\"},\"potentialAction\":[{\"@type\":\"SearchAction\",\"target\":{\"@type\":\"EntryPoint\",\"urlTemplate\":\"https:\/\/www.tec4net.com\/web\/?s={search_term_string}\"},\"query-input\":\"required name=search_term_string\"}],\"inLanguage\":\"de\"},{\"@type\":\"Organization\",\"@id\":\"https:\/\/www.tec4net.com\/web\/#organization\",\"name\":\"tec4net\",\"url\":\"https:\/\/www.tec4net.com\/web\/\",\"logo\":{\"@type\":\"ImageObject\",\"inLanguage\":\"de\",\"@id\":\"https:\/\/www.tec4net.com\/web\/#\/schema\/logo\/image\/\",\"url\":\"https:\/\/www.tec4net.com\/web\/wp-content\/uploads\/2018\/12\/t4n_Logo_startseite.png\",\"contentUrl\":\"https:\/\/www.tec4net.com\/web\/wp-content\/uploads\/2018\/12\/t4n_Logo_startseite.png\",\"width\":178,\"height\":163,\"caption\":\"tec4net\"},\"image\":{\"@id\":\"https:\/\/www.tec4net.com\/web\/#\/schema\/logo\/image\/\"}}]}<\/script>\n<!-- \/ Yoast SEO plugin. -->","yoast_head_json":{"title":"ISO 27001 - tec4net","description":"Um IT-Bereiche vor St\u00f6rungen oder b\u00f6swilliger Manipulation wirkungsvoll zu sch\u00fctzen, muss IT-Sicherheit muss als ein zentrales Thema in Ihrem Unternehmen verstanden werden und im Denken und Handeln aller Mitarbeiter verankert sein.","robots":{"index":"index","follow":"follow","max-snippet":"max-snippet:-1","max-image-preview":"max-image-preview:large","max-video-preview":"max-video-preview:-1"},"canonical":"https:\/\/www.tec4net.com\/web\/iso-27001\/","og_locale":"de_DE","og_type":"article","og_title":"ISO 27001 - tec4net","og_description":"Um IT-Bereiche vor St\u00f6rungen oder b\u00f6swilliger Manipulation wirkungsvoll zu sch\u00fctzen, muss IT-Sicherheit muss als ein zentrales Thema in Ihrem Unternehmen verstanden werden und im Denken und Handeln aller Mitarbeiter verankert sein.","og_url":"https:\/\/www.tec4net.com\/web\/iso-27001\/","og_site_name":"tec4net","article_modified_time":"2025-03-24T10:15:44+00:00","twitter_card":"summary_large_image","twitter_misc":{"Gesch\u00e4tzte Lesezeit":"4\u00a0Minuten"},"schema":{"@context":"https:\/\/schema.org","@graph":[{"@type":"WebPage","@id":"https:\/\/www.tec4net.com\/web\/iso-27001\/","url":"https:\/\/www.tec4net.com\/web\/iso-27001\/","name":"ISO 27001 - tec4net","isPartOf":{"@id":"https:\/\/www.tec4net.com\/web\/#website"},"datePublished":"2025-03-16T07:27:54+00:00","dateModified":"2025-03-24T10:15:44+00:00","description":"Um IT-Bereiche vor St\u00f6rungen oder b\u00f6swilliger Manipulation wirkungsvoll zu sch\u00fctzen, muss IT-Sicherheit muss als ein zentrales Thema in Ihrem Unternehmen verstanden werden und im Denken und Handeln aller Mitarbeiter verankert sein.","breadcrumb":{"@id":"https:\/\/www.tec4net.com\/web\/iso-27001\/#breadcrumb"},"inLanguage":"de","potentialAction":[{"@type":"ReadAction","target":["https:\/\/www.tec4net.com\/web\/iso-27001\/"]}]},{"@type":"BreadcrumbList","@id":"https:\/\/www.tec4net.com\/web\/iso-27001\/#breadcrumb","itemListElement":[{"@type":"ListItem","position":1,"name":"Startseite","item":"https:\/\/www.tec4net.com\/web\/"},{"@type":"ListItem","position":2,"name":"ISO 27001"}]},{"@type":"WebSite","@id":"https:\/\/www.tec4net.com\/web\/#website","url":"https:\/\/www.tec4net.com\/web\/","name":"tec4net","description":"Ihr starker IT-Partner","publisher":{"@id":"https:\/\/www.tec4net.com\/web\/#organization"},"potentialAction":[{"@type":"SearchAction","target":{"@type":"EntryPoint","urlTemplate":"https:\/\/www.tec4net.com\/web\/?s={search_term_string}"},"query-input":"required name=search_term_string"}],"inLanguage":"de"},{"@type":"Organization","@id":"https:\/\/www.tec4net.com\/web\/#organization","name":"tec4net","url":"https:\/\/www.tec4net.com\/web\/","logo":{"@type":"ImageObject","inLanguage":"de","@id":"https:\/\/www.tec4net.com\/web\/#\/schema\/logo\/image\/","url":"https:\/\/www.tec4net.com\/web\/wp-content\/uploads\/2018\/12\/t4n_Logo_startseite.png","contentUrl":"https:\/\/www.tec4net.com\/web\/wp-content\/uploads\/2018\/12\/t4n_Logo_startseite.png","width":178,"height":163,"caption":"tec4net"},"image":{"@id":"https:\/\/www.tec4net.com\/web\/#\/schema\/logo\/image\/"}}]}},"_links":{"self":[{"href":"https:\/\/www.tec4net.com\/web\/wp-json\/wp\/v2\/pages\/4928"}],"collection":[{"href":"https:\/\/www.tec4net.com\/web\/wp-json\/wp\/v2\/pages"}],"about":[{"href":"https:\/\/www.tec4net.com\/web\/wp-json\/wp\/v2\/types\/page"}],"author":[{"embeddable":true,"href":"https:\/\/www.tec4net.com\/web\/wp-json\/wp\/v2\/users\/1"}],"replies":[{"embeddable":true,"href":"https:\/\/www.tec4net.com\/web\/wp-json\/wp\/v2\/comments?post=4928"}],"version-history":[{"count":24,"href":"https:\/\/www.tec4net.com\/web\/wp-json\/wp\/v2\/pages\/4928\/revisions"}],"predecessor-version":[{"id":5010,"href":"https:\/\/www.tec4net.com\/web\/wp-json\/wp\/v2\/pages\/4928\/revisions\/5010"}],"wp:attachment":[{"href":"https:\/\/www.tec4net.com\/web\/wp-json\/wp\/v2\/media?parent=4928"}],"curies":[{"name":"wp","href":"https:\/\/api.w.org\/{rel}","templated":true}]}}