{"id":7553,"date":"2025-11-25T16:30:25","date_gmt":"2025-11-25T15:30:25","guid":{"rendered":"https:\/\/www.tec4net.com\/web\/?page_id=7553"},"modified":"2025-11-25T17:21:38","modified_gmt":"2025-11-25T16:21:38","slug":"projektmanagement","status":"publish","type":"page","link":"https:\/\/www.tec4net.com\/web\/projektmanagement\/","title":{"rendered":"Projektmanagement"},"content":{"rendered":"<p>[vc_row full_width=&#8220;stretch_row&#8220; equal_height=&#8220;yes&#8220; css=&#8220;.vc_custom_1544018271708{margin-top: -85px !important;padding-top: 50px !important;padding-bottom: 30px !important;background-color: #f0f0f0 !important;}&#8220;][vc_column width=&#8220;1\/4&#8243;][vc_column_text]<\/p>\n<h2 style=\"text-align: right;\"><span style=\"color: #026198;\">Projekt-<br \/>\n<\/span><span style=\"color: #026198;\">management<\/span><\/h2>\n<p style=\"text-align: right;\"><strong><span style=\"color: #026198;\">Projektmanagement ist heute entscheidend, um IT- und Softwareprojekte planbar, transparent und erfolgreich umzusetzen. Besonders bei individuellen L\u00f6sungen gilt es, Anforderungen zu definieren, Fristen zu \u00fcberwachen und Missverst\u00e4ndnisse zu vermeiden.<\/span><\/strong><\/p>\n<p>[\/vc_column_text][\/vc_column][vc_column width=&#8220;3\/4&#8243;][vc_single_image image=&#8220;337&#8243; img_size=&#8220;full&#8220; alignment=&#8220;center&#8220; style=&#8220;vc_box_shadow_3d&#8220; css_animation=&#8220;fadeInUp&#8220;][\/vc_column][\/vc_row][vc_row css=&#8220;.vc_custom_1544085434169{padding-top: 10px !important;}&#8220;][vc_column width=&#8220;1\/4&#8243;][vc_single_image image=&#8220;397&#8243; img_size=&#8220;200&#215;128&#8243; alignment=&#8220;center&#8220;][\/vc_column][vc_column width=&#8220;3\/4&#8243;][vc_column_text css=&#8220;.vc_custom_1764087224388{padding-bottom: 20px !important;}&#8220;]<\/p>\n<h4>Was macht ein Projektleiter?<\/h4>\n<p>Ein Projektleiter fungiert als Br\u00fccke zwischen dem Auftraggeber und seinen Fachbereichen sowie den IT-Dienstleistern und Entwicklern.<\/p>\n<ul>\n<li>Er kombiniert fachliche, technische und organisatorische Kompetenz und versteht sowohl die Prozesse des Auftraggebers als auch die technischen Anforderungen der Entwickler und \u00fcbersetzt diese Welten ineinander.<\/li>\n<li>Er erarbeitet und dokumentiert Anforderungen in einem verbindlichen Umsetzungsplan<\/li>\n<li>Er stellt sicher, dass Terminkontrolle, Qualit\u00e4tssicherung und Risikomanagement w\u00e4hrend des Projektverlaufs gew\u00e4hrleistet sind.<\/li>\n<\/ul>\n<p>Damit werden Anforderungen eindeutig umgesetzt, Projekte planbar und Ergebnisse zuverl\u00e4ssig geliefert \u2013 Verz\u00f6gerungen, Fehlentwicklungen, unn\u00f6tige Kosten oder juristische Auseinandersetzungen werden dadurch vermieden.[\/vc_column_text][\/vc_column][\/vc_row][vc_row][vc_column][vc_empty_space][\/vc_column][\/vc_row][vc_row][vc_column width=&#8220;1\/4&#8243;][vc_empty_space][\/vc_column][vc_column width=&#8220;2\/3&#8243;][vc_column_text]<\/p>\n<h3>Struktur, Klarheit und Sicherheit in komplexen Projekten<\/h3>\n<p>[\/vc_column_text][\/vc_column][\/vc_row][vc_row][vc_column width=&#8220;1\/4&#8243;][\/vc_column][vc_column width=&#8220;2\/3&#8243;][vc_column_text]<\/p>\n<h4><span style=\"color: #026198;\">Warum ein externer Projektleiter sinnvoll ist\u2026<br \/>\n<\/span><\/h4>\n<p><span style=\"color: #026198;\">\u2192\u00a0\u00a0 Regelm\u00e4\u00dfige und Klare Kommunikation zwischen allen Beteiligten<br \/>\n<\/span><\/p>\n<p><span style=\"color: #026198;\">\u2192\u00a0\u00a0 Pr\u00e4zise Ermittlung und Dokumentation von Anforderungen<br \/>\n<\/span><\/p>\n<p><span style=\"color: #026198;\">\u2192\u00a0\u00a0 Ermittlung, Festlegung und kontinuierliche \u00dcberwachung von Fristen<br \/>\n<\/span><\/p>\n<p><span style=\"color: #026198;\">\u2192\u00a0\u00a0 Strukturierte Projektplanung, Tests und Abnahmen<br \/>\n<\/span><\/p>\n<p><span style=\"color: #026198;\">\u2192\u00a0\u00a0\u00a0 Reduzierung technischer und organisatorischer Risiken<br \/>\n<\/span><\/p>\n<p><span style=\"color: #026198;\">\u2192\u00a0\u00a0\u00a0 Vermeidung von Missverst\u00e4ndnissen, Fehlentwicklungen und Verz\u00f6gerungen<br \/>\n<\/span><\/p>\n<p><span style=\"color: #026198;\">\u2192\u00a0\u00a0\u00a0 Transparente Nachvollziehbarkeit aller Anforderungen<br \/>\n<\/span><\/p>\n<p><span style=\"color: #026198;\">\u2192\u00a0\u00a0\u00a0 Sicherstellung, dass gelieferte Leistungen den Vereinbarungen entsprechen<br \/>\n<\/span><\/p>\n<p><span style=\"color: #026198;\">\u2192\u00a0\u00a0\u00a0 Schutz des Auftraggebers vor unn\u00f6tigen Kosten und mangelhaften Ergebnissen<\/span>[\/vc_column_text][vc_separator style=&#8220;dotted&#8220; border_width=&#8220;2&#8243;][vc_column_text css=&#8220;.vc_custom_1764071013834{padding-bottom: 20px !important;}&#8220;]<\/p>\n<p style=\"text-align: center;\">Wir unterst\u00fctzen Sie bei der Steuerung Ihrer IT- und Softwareprojekte und entwickeln Methoden, Strukturen und Regeln, die klare Anforderungen, effiziente Kommunikation und eine erfolgreiche, termingerechte Projektdurchf\u00fchrung sicherstellen.<\/p>\n<p>[\/vc_column_text][vc_btn title=&#8220;\u2709 Kostenloses Erstgespr\u00e4ch&#8220; color=&#8220;pink&#8220; align=&#8220;center&#8220; link=&#8220;url:mailto%3Ainfo%40tec4net.com%3Fsubject%3DKostenloses%2520Erstgespr%25C3%25A4ch%2520-%2520QM-System|||&#8220;][\/vc_column][\/vc_row][vc_row][vc_column][vc_empty_space][vc_empty_space][\/vc_column][\/vc_row][vc_row][vc_column][vc_column_text]<\/p>\n<h3>Mit System zum erfolgreichen Projekt<\/h3>\n<p>[\/vc_column_text][\/vc_column][\/vc_row][vc_row][vc_column width=&#8220;1\/2&#8243;][vc_column_text css=&#8220;.vc_custom_1764079307086{padding-bottom: 20px !important;}&#8220;]<\/p>\n<h4>Anforderungsmanagement<\/h4>\n<ul>\n<li>Aufnahme aller fachlichen und technischen Anforderungen<\/li>\n<li>Erwartungshaltung von Auftraggeber und Entwickler sichern<\/li>\n<li>Erstellung eines verbindlichen Anforderungs- und Pflichtenhefts<\/li>\n<\/ul>\n<h4>Kommunikation und <strong data-start=\"1132\" data-end=\"1164\">Moderation<\/strong><\/h4>\n<ul>\n<li>Abstimmung zwischen Auftraggeber und Entwickler moderieren<\/li>\n<li>\u00dcbersetzung fachlicher Anforderungen in technische Vorgaben<\/li>\n<li>Fr\u00fchzeitiges Erkennen und Aufl\u00f6sen von Missverst\u00e4ndnissen<\/li>\n<\/ul>\n<h4>Projektplanung und Termin\u00fcberwachung<\/h4>\n<ul>\n<li>Erstellung realistischer Projekt- und Meilensteinpl\u00e4ne<\/li>\n<li>\u00dcberwachung der Termin- und Ressourcenplanung<\/li>\n<li>Eskalation bei Abweichungen oder Verz\u00f6gerungen<\/li>\n<\/ul>\n<h4>Qualit\u00e4tssicherung<\/h4>\n<ul>\n<li>Fachliche und technische Pr\u00fcfung der gelieferten Ergebnisse<\/li>\n<li>Sicherstellen, dass Umsetzungen den Anforderungen entsprechen<\/li>\n<li>Organisation von Funktions-, Integrations- und Abnahmetests<\/li>\n<\/ul>\n<p>[\/vc_column_text][\/vc_column][vc_column width=&#8220;1\/2&#8243;][vc_column_text css=&#8220;.vc_custom_1764079738459{padding-bottom: 20px !important;}&#8220;]<\/p>\n<h4>Dokumentation<\/h4>\n<ul>\n<li>Nachvollziehbare Dokumentation aller Projektunterlagen<\/li>\n<li>Versionierung und saubere Ablage aller technischen Dokumente<\/li>\n<li>Sicherstellung von Anwender- und Systemdokumentation<\/li>\n<\/ul>\n<h4>Risikomanagement<\/h4>\n<ul>\n<li>Identifikation technischer und organisatorischer Risiken<\/li>\n<li>Entwicklung geeigneter Gegenma\u00dfnahmen<\/li>\n<li>Permanente \u00dcberwachung kritischer Projektfaktoren<\/li>\n<\/ul>\n<h4>Transparenz und Nachverfolgbarkeit<\/h4>\n<ul>\n<li>Dokumentation aller Entscheidungen, \u00c4nderungen und Freigaben<\/li>\n<li>Etablierung von Verantwortlichkeiten und Entscheidungswege<\/li>\n<li>Nachvollziehbares Protokollierung aller Fortschritte<\/li>\n<\/ul>\n<h4>Abnahme und \u00dcbergabe<\/h4>\n<ul>\n<li>Begleitung des Auftraggebers bei Teil- und Gesamtabnahmen<\/li>\n<li>Bewertung, ob Lieferungen abnahmef\u00e4hig sind<\/li>\n<li>Sicherstellen, dass alle geschuldeten Leistungen erbracht wurden<\/li>\n<\/ul>\n<p>[\/vc_column_text][\/vc_column][\/vc_row][vc_row][vc_column][vc_separator style=&#8220;dotted&#8220; border_width=&#8220;2&#8243;][\/vc_column][\/vc_row][vc_row][vc_column width=&#8220;1\/2&#8243;][vc_column_text css=&#8220;.vc_custom_1764084334437{padding-bottom: 20px !important;}&#8220;]<\/p>\n<h4>Risiken ohne Projektmanagement<\/h4>\n<p>Ohne klare Rollen, saubere Anforderungen und eine neutrale technische Kontrollinstanz entstehen h\u00e4ufig Probleme wie:<\/p>\n<ul>\n<li>Fehlentwicklungen durch unklare Anforderungen<\/li>\n<li>Wiederholt verschobene Termine<\/li>\n<li>Eskalationen zwischen Auftraggeber und Entwickler<\/li>\n<li>Kostensch\u00e4den durch notwendige Nacharbeiten<\/li>\n<li>Projektabbr\u00fcche oder Stillstand<\/li>\n<li>Streitf\u00e4lle bis hin zu juristischen Verfahren<\/li>\n<\/ul>\n<p>Projektmanagement sch\u00fctzt beide Seiten vor diesen Risiken und sorgt f\u00fcr klare Strukturen, valide Ergebnisse und einen professionellen Projektverlauf.[\/vc_column_text][\/vc_column][vc_column width=&#8220;1\/2&#8243;][vc_column_text css=&#8220;.vc_custom_1764084193640{padding-bottom: 20px !important;}&#8220;]<\/p>\n<h4>Gut beraten von Anfang an<\/h4>\n<p>In IT-Projekten f\u00fchren bereits kleine Missverst\u00e4ndnisse zu Fehlentwicklungen, Verz\u00f6gerungen oder kompletten Projektstopps. Ein erfahrener und fr\u00fchzeitig eingebundener Projektleiter stellt nicht nur sicher, dass Anforderungen eindeutig formuliert und korrekt umgesetzt werden \u2013 sondern unterst\u00fctzt bereits im Vorfeld bei der Auswahl geeigneter Dienstleister und Technologien.<\/p>\n<ul>\n<li>Unterst\u00fctzung bei der Auswahl geigneter Partner<\/li>\n<li>Bewertung technischer und organisatorischer Konzepte<\/li>\n<li>Durchf\u00fchrung von Angebots- und Machbarkeitsanalysen<\/li>\n<li>Empfehlung der passenden Projektmethodik<\/li>\n<\/ul>\n<p>So wird das Risiko kostspieliger Fehlentwicklungen von Beginn an minimiert.[\/vc_column_text][\/vc_column][\/vc_row][vc_row][vc_column][\/vc_column][\/vc_row][vc_row disable_element=&#8220;yes&#8220;][vc_column][vc_separator style=&#8220;dotted&#8220; border_width=&#8220;2&#8243;][vc_column_text]<\/p>\n<p style=\"text-align: center;\">Brosch\u00fcren zum Download: \u00a0<a href=\"https:\/\/www.tec4net.com\/web\/wp-content\/uploads\/2025\/03\/tec4net_Infoblatt_ISO27001.pdf\">\u2192\u00a0\u00a0\u00a0tec4net_Infoblatt_ISO_27001 (0,3 MB)<\/a><\/p>\n<p>[\/vc_column_text][vc_separator style=&#8220;dotted&#8220; border_width=&#8220;2&#8243;][\/vc_column][\/vc_row][vc_row][vc_column][vc_btn title=&#8220;\u2709 Kostenloses Erstgespr\u00e4ch&#8220; color=&#8220;pink&#8220; align=&#8220;center&#8220; link=&#8220;url:mailto%3Ainfo%40tec4net.com%3Fsubject%3DKostenloses%2520Erstgespr%25C3%25A4ch%2520-%2520QM-System|||&#8220;][vc_column_text css=&#8220;.vc_custom_1764074101849{padding-bottom: 20px !important;}&#8220;]<\/p>\n<p style=\"text-align: center;\">tec4net \u2013 Projektleitung f\u00fcr IT- und Softwareprojekte \u2013 seit 2003<\/p>\n<p>[\/vc_column_text][vc_empty_space][\/vc_column][\/vc_row][vc_row css=&#8220;.vc_custom_1729202016174{background-color: #f0f0f0 !important;}&#8220;][vc_column][vc_empty_space][vc_column_text]<\/p>\n<h4 style=\"text-align: center;\"><span style=\"color: #026198;\">Ihr externer Projektleiter f\u00fcr M\u00fcnchen und Deutschland <\/span><\/h4>\n<p>[\/vc_column_text][vc_column_text]<\/p>\n<p style=\"text-align: center;\"><strong>Qualifizierte Experten<\/strong><\/p>\n<p style=\"text-align: center;\">EDV-Sachverst\u00e4ndige | Softwareentwickler<br \/>\nProjektmanager (IHK) | Qualit\u00e4tsbeauftragter (T\u00dcV)<br \/>\nZertifizierte Experten: ITIL, PRINCE2, Scrum, ISO 9001, ISO 21500<\/p>\n<p>[\/vc_column_text][\/vc_column][\/vc_row][vc_row][vc_column][vc_empty_space][vc_empty_space][vc_column_text]<\/p>\n<p style=\"text-align: center;\"><strong>Auch in Ihrer N\u00e4he<\/strong><\/p>\n<p style=\"text-align: center;\">Augsburg | Berlin | Bielefeld | Bochum | Bremen | Dortmund | <a href=\"https:\/\/www.tec4net.com\/web\/externer-informationssicherheitsbeauftragter-in-dresden\">D<\/a>resden |\u00a0 D\u00fcsseldorf | Erfurt | Essen | Frankfurt | Hamburg | Hannover | Ingolstadt | Kiel | K\u00f6ln | Leipzig | Magdeburg | Mainz | Mannheim | M\u00fcnchen | N\u00fcrnberg | Potsdam | Regensburg | Rostock | Saarbr\u00fccken | Stuttgart | W\u00fcrzburg<\/p>\n<hr \/>\n<p>[\/vc_column_text][\/vc_column][\/vc_row]<\/p>\n","protected":false},"excerpt":{"rendered":"<p>[vc_row full_width=&#8220;stretch_row&#8220; equal_height=&#8220;yes&#8220; css=&#8220;.vc_custom_1544018271708{margin-top: -85px !important;padding-top: 50px !important;padding-bottom: 30px !important;background-color: #f0f0f0 !important;}&#8220;][vc_column width=&#8220;1\/4&#8243;][vc_column_text] Projekt- management Projektmanagement ist heute entscheidend, um IT- und Softwareprojekte planbar, transparent und erfolgreich umzusetzen. Besonders bei individuellen L\u00f6sungen gilt es, Anforderungen zu definieren, Fristen zu \u00fcberwachen und Missverst\u00e4ndnisse zu vermeiden. [\/vc_column_text][\/vc_column][vc_column width=&#8220;3\/4&#8243;][vc_single_image image=&#8220;337&#8243; img_size=&#8220;full&#8220; alignment=&#8220;center&#8220; style=&#8220;vc_box_shadow_3d&#8220; [&hellip;]<\/p>\n","protected":false},"author":1,"featured_media":0,"parent":0,"menu_order":0,"comment_status":"closed","ping_status":"closed","template":"","meta":[],"yoast_head":"<!-- This site is optimized with the Yoast SEO plugin v21.5 - https:\/\/yoast.com\/wordpress\/plugins\/seo\/ -->\n<title>Projektmanagement - tec4net<\/title>\n<meta name=\"description\" content=\"Um IT-Bereiche vor St\u00f6rungen oder b\u00f6swilliger Manipulation wirkungsvoll zu sch\u00fctzen, muss IT-Sicherheit muss als ein zentrales Thema in Ihrem Unternehmen verstanden werden und im Denken und Handeln aller Mitarbeiter verankert sein.\" \/>\n<meta name=\"robots\" content=\"index, follow, max-snippet:-1, max-image-preview:large, max-video-preview:-1\" \/>\n<link rel=\"canonical\" href=\"https:\/\/www.tec4net.com\/web\/projektmanagement\/\" \/>\n<meta property=\"og:locale\" content=\"de_DE\" \/>\n<meta property=\"og:type\" content=\"article\" \/>\n<meta property=\"og:title\" content=\"Projektmanagement - tec4net\" \/>\n<meta property=\"og:description\" content=\"Um IT-Bereiche vor St\u00f6rungen oder b\u00f6swilliger Manipulation wirkungsvoll zu sch\u00fctzen, muss IT-Sicherheit muss als ein zentrales Thema in Ihrem Unternehmen verstanden werden und im Denken und Handeln aller Mitarbeiter verankert sein.\" \/>\n<meta property=\"og:url\" content=\"https:\/\/www.tec4net.com\/web\/projektmanagement\/\" \/>\n<meta property=\"og:site_name\" content=\"tec4net\" \/>\n<meta property=\"article:modified_time\" content=\"2025-11-25T16:21:38+00:00\" \/>\n<meta name=\"twitter:card\" content=\"summary_large_image\" \/>\n<meta name=\"twitter:label1\" content=\"Gesch\u00e4tzte Lesezeit\" \/>\n\t<meta name=\"twitter:data1\" content=\"4\u00a0Minuten\" \/>\n<script type=\"application\/ld+json\" class=\"yoast-schema-graph\">{\"@context\":\"https:\/\/schema.org\",\"@graph\":[{\"@type\":\"WebPage\",\"@id\":\"https:\/\/www.tec4net.com\/web\/projektmanagement\/\",\"url\":\"https:\/\/www.tec4net.com\/web\/projektmanagement\/\",\"name\":\"Projektmanagement - tec4net\",\"isPartOf\":{\"@id\":\"https:\/\/www.tec4net.com\/web\/#website\"},\"datePublished\":\"2025-11-25T15:30:25+00:00\",\"dateModified\":\"2025-11-25T16:21:38+00:00\",\"description\":\"Um IT-Bereiche vor St\u00f6rungen oder b\u00f6swilliger Manipulation wirkungsvoll zu sch\u00fctzen, muss IT-Sicherheit muss als ein zentrales Thema in Ihrem Unternehmen verstanden werden und im Denken und Handeln aller Mitarbeiter verankert sein.\",\"breadcrumb\":{\"@id\":\"https:\/\/www.tec4net.com\/web\/projektmanagement\/#breadcrumb\"},\"inLanguage\":\"de\",\"potentialAction\":[{\"@type\":\"ReadAction\",\"target\":[\"https:\/\/www.tec4net.com\/web\/projektmanagement\/\"]}]},{\"@type\":\"BreadcrumbList\",\"@id\":\"https:\/\/www.tec4net.com\/web\/projektmanagement\/#breadcrumb\",\"itemListElement\":[{\"@type\":\"ListItem\",\"position\":1,\"name\":\"Startseite\",\"item\":\"https:\/\/www.tec4net.com\/web\/\"},{\"@type\":\"ListItem\",\"position\":2,\"name\":\"Projektmanagement\"}]},{\"@type\":\"WebSite\",\"@id\":\"https:\/\/www.tec4net.com\/web\/#website\",\"url\":\"https:\/\/www.tec4net.com\/web\/\",\"name\":\"tec4net\",\"description\":\"Ihr starker IT-Partner\",\"publisher\":{\"@id\":\"https:\/\/www.tec4net.com\/web\/#organization\"},\"potentialAction\":[{\"@type\":\"SearchAction\",\"target\":{\"@type\":\"EntryPoint\",\"urlTemplate\":\"https:\/\/www.tec4net.com\/web\/?s={search_term_string}\"},\"query-input\":\"required name=search_term_string\"}],\"inLanguage\":\"de\"},{\"@type\":\"Organization\",\"@id\":\"https:\/\/www.tec4net.com\/web\/#organization\",\"name\":\"tec4net\",\"url\":\"https:\/\/www.tec4net.com\/web\/\",\"logo\":{\"@type\":\"ImageObject\",\"inLanguage\":\"de\",\"@id\":\"https:\/\/www.tec4net.com\/web\/#\/schema\/logo\/image\/\",\"url\":\"https:\/\/www.tec4net.com\/web\/wp-content\/uploads\/2018\/12\/t4n_Logo_startseite.png\",\"contentUrl\":\"https:\/\/www.tec4net.com\/web\/wp-content\/uploads\/2018\/12\/t4n_Logo_startseite.png\",\"width\":178,\"height\":163,\"caption\":\"tec4net\"},\"image\":{\"@id\":\"https:\/\/www.tec4net.com\/web\/#\/schema\/logo\/image\/\"}}]}<\/script>\n<!-- \/ Yoast SEO plugin. -->","yoast_head_json":{"title":"Projektmanagement - tec4net","description":"Um IT-Bereiche vor St\u00f6rungen oder b\u00f6swilliger Manipulation wirkungsvoll zu sch\u00fctzen, muss IT-Sicherheit muss als ein zentrales Thema in Ihrem Unternehmen verstanden werden und im Denken und Handeln aller Mitarbeiter verankert sein.","robots":{"index":"index","follow":"follow","max-snippet":"max-snippet:-1","max-image-preview":"max-image-preview:large","max-video-preview":"max-video-preview:-1"},"canonical":"https:\/\/www.tec4net.com\/web\/projektmanagement\/","og_locale":"de_DE","og_type":"article","og_title":"Projektmanagement - tec4net","og_description":"Um IT-Bereiche vor St\u00f6rungen oder b\u00f6swilliger Manipulation wirkungsvoll zu sch\u00fctzen, muss IT-Sicherheit muss als ein zentrales Thema in Ihrem Unternehmen verstanden werden und im Denken und Handeln aller Mitarbeiter verankert sein.","og_url":"https:\/\/www.tec4net.com\/web\/projektmanagement\/","og_site_name":"tec4net","article_modified_time":"2025-11-25T16:21:38+00:00","twitter_card":"summary_large_image","twitter_misc":{"Gesch\u00e4tzte Lesezeit":"4\u00a0Minuten"},"schema":{"@context":"https:\/\/schema.org","@graph":[{"@type":"WebPage","@id":"https:\/\/www.tec4net.com\/web\/projektmanagement\/","url":"https:\/\/www.tec4net.com\/web\/projektmanagement\/","name":"Projektmanagement - tec4net","isPartOf":{"@id":"https:\/\/www.tec4net.com\/web\/#website"},"datePublished":"2025-11-25T15:30:25+00:00","dateModified":"2025-11-25T16:21:38+00:00","description":"Um IT-Bereiche vor St\u00f6rungen oder b\u00f6swilliger Manipulation wirkungsvoll zu sch\u00fctzen, muss IT-Sicherheit muss als ein zentrales Thema in Ihrem Unternehmen verstanden werden und im Denken und Handeln aller Mitarbeiter verankert sein.","breadcrumb":{"@id":"https:\/\/www.tec4net.com\/web\/projektmanagement\/#breadcrumb"},"inLanguage":"de","potentialAction":[{"@type":"ReadAction","target":["https:\/\/www.tec4net.com\/web\/projektmanagement\/"]}]},{"@type":"BreadcrumbList","@id":"https:\/\/www.tec4net.com\/web\/projektmanagement\/#breadcrumb","itemListElement":[{"@type":"ListItem","position":1,"name":"Startseite","item":"https:\/\/www.tec4net.com\/web\/"},{"@type":"ListItem","position":2,"name":"Projektmanagement"}]},{"@type":"WebSite","@id":"https:\/\/www.tec4net.com\/web\/#website","url":"https:\/\/www.tec4net.com\/web\/","name":"tec4net","description":"Ihr starker IT-Partner","publisher":{"@id":"https:\/\/www.tec4net.com\/web\/#organization"},"potentialAction":[{"@type":"SearchAction","target":{"@type":"EntryPoint","urlTemplate":"https:\/\/www.tec4net.com\/web\/?s={search_term_string}"},"query-input":"required name=search_term_string"}],"inLanguage":"de"},{"@type":"Organization","@id":"https:\/\/www.tec4net.com\/web\/#organization","name":"tec4net","url":"https:\/\/www.tec4net.com\/web\/","logo":{"@type":"ImageObject","inLanguage":"de","@id":"https:\/\/www.tec4net.com\/web\/#\/schema\/logo\/image\/","url":"https:\/\/www.tec4net.com\/web\/wp-content\/uploads\/2018\/12\/t4n_Logo_startseite.png","contentUrl":"https:\/\/www.tec4net.com\/web\/wp-content\/uploads\/2018\/12\/t4n_Logo_startseite.png","width":178,"height":163,"caption":"tec4net"},"image":{"@id":"https:\/\/www.tec4net.com\/web\/#\/schema\/logo\/image\/"}}]}},"_links":{"self":[{"href":"https:\/\/www.tec4net.com\/web\/wp-json\/wp\/v2\/pages\/7553"}],"collection":[{"href":"https:\/\/www.tec4net.com\/web\/wp-json\/wp\/v2\/pages"}],"about":[{"href":"https:\/\/www.tec4net.com\/web\/wp-json\/wp\/v2\/types\/page"}],"author":[{"embeddable":true,"href":"https:\/\/www.tec4net.com\/web\/wp-json\/wp\/v2\/users\/1"}],"replies":[{"embeddable":true,"href":"https:\/\/www.tec4net.com\/web\/wp-json\/wp\/v2\/comments?post=7553"}],"version-history":[{"count":21,"href":"https:\/\/www.tec4net.com\/web\/wp-json\/wp\/v2\/pages\/7553\/revisions"}],"predecessor-version":[{"id":7575,"href":"https:\/\/www.tec4net.com\/web\/wp-json\/wp\/v2\/pages\/7553\/revisions\/7575"}],"wp:attachment":[{"href":"https:\/\/www.tec4net.com\/web\/wp-json\/wp\/v2\/media?parent=7553"}],"curies":[{"name":"wp","href":"https:\/\/api.w.org\/{rel}","templated":true}]}}